{"id":9206,"date":"2021-11-10T10:16:28","date_gmt":"2021-11-10T02:16:28","guid":{"rendered":"https:\/\/thefitsummit.com\/?post_type=all_speakers&#038;p=9206"},"modified":"2025-04-23T12:40:05","modified_gmt":"2025-04-23T04:40:05","slug":"eduardo-netto","status":"publish","type":"all_speakers","link":"https:\/\/beyondactiv.com\/events\/es\/speakers\/eduardo-netto\/","title":{"rendered":"Eduardo Netto"},"content":{"rendered":"<h3 class=\"wp-block-heading\">Eduardo Netto es el Director de Fitness de la <a href=\"https:\/\/www.bodytech.com.br\/\" data-type=\"link\" data-id=\"https:\/\/www.bodytech.com.br\/\" target=\"_blank\" rel=\"noopener\">Empresa Bodytech<\/a>, en R\u00edo de Janeiro. <\/h3>\n\n\n\n<p>Se gradu\u00f3 con una licenciatura en Educaci\u00f3n F\u00edsica y un Posgrado en Acondicionamiento F\u00edsico y tiene una Maestr\u00eda en Motricidad Humana. Ha trabajado como profesor en la Universidad Est\u00e1cio de S\u00e1, UFRJ, UCB. Es conferencista internacional y un profesional y consultor de fitness muy respetado en Brasil. Ha escrito cuatro libros sobre programas de fitness.<\/p>\n\n\n\n<p>Eduardo tambi\u00e9n es ponente en <a href=\"https:\/\/beyondactiv.com\/events\/es\/americas\/\">M\u00e1s all\u00e1 de Activ AMERICAS <\/a>en Dallas, Estados Unidos.<\/p>","protected":false},"excerpt":{"rendered":"<p>Director de Fitness<\/p>\n<h5>Empresa Bodytech<\/h5>","protected":false},"featured_media":43203,"template":"","speakers-type":[59,69],"class_list":["post-9206","all_speakers","type-all_speakers","status-publish","has-post-thumbnail","hentry","speakers-type-2024-americas-speakers-confirmed","speakers-type-2025-americas-speakers"],"blocksy_meta":{"styles_descriptor":{"styles":{"desktop":"","tablet":"","mobile":""},"google_fonts":[],"version":6}},"_links":{"self":[{"href":"https:\/\/beyondactiv.com\/events\/es\/wp-json\/wp\/v2\/all_speakers\/9206","targetHints":{"allow":["GET"]}}],"collection":[{"href":"https:\/\/beyondactiv.com\/events\/es\/wp-json\/wp\/v2\/all_speakers"}],"about":[{"href":"https:\/\/beyondactiv.com\/events\/es\/wp-json\/wp\/v2\/types\/all_speakers"}],"wp:featuredmedia":[{"embeddable":true,"href":"https:\/\/beyondactiv.com\/events\/es\/wp-json\/wp\/v2\/media\/43203"}],"wp:attachment":[{"href":"https:\/\/beyondactiv.com\/events\/es\/wp-json\/wp\/v2\/media?parent=9206"}],"wp:term":[{"taxonomy":"speakers-type","embeddable":true,"href":"https:\/\/beyondactiv.com\/events\/es\/wp-json\/wp\/v2\/speakers-type?post=9206"}],"curies":[{"name":"wp","href":"https:\/\/api.w.org\/{rel}","templated":true}]}}

<h3 class="wp-block-heading">Eduardo Netto es el Director de Fitness de la <a href="https://www.bodytech.com.br/" data-type="link" data-id="https://www.bodytech.com.br/" target="_blank" rel="noopener">Empresa Bodytech</a>, en Río de Janeiro. </h3>



<p>Se graduó con una licenciatura en Educación Física y un Posgrado en Acondicionamiento Físico y tiene una Maestría en Motricidad Humana. Ha trabajado como profesor en la Universidad Estácio de Sá, UFRJ, UCB. Es conferencista internacional y un profesional y consultor de fitness muy respetado en Brasil. Ha escrito cuatro libros sobre programas de fitness.</p>



<p>Eduardo también es ponente en <a href="https://beyondactiv.com/events/es/americas/">Más allá de Activ AMERICAS </a>en Dallas, Estados Unidos.</p>
