{"id":66591,"date":"2025-10-22T11:20:02","date_gmt":"2025-10-22T03:20:02","guid":{"rendered":"https:\/\/beyondactiv.com\/events\/?post_type=all_speakers&#038;p=66591"},"modified":"2025-10-22T11:21:48","modified_gmt":"2025-10-22T03:21:48","slug":"anna-davies","status":"publish","type":"all_speakers","link":"https:\/\/beyondactiv.com\/events\/es\/speakers\/anna-davies\/","title":{"rendered":"Anna Davies"},"content":{"rendered":"<h3 class=\"wp-block-heading\">Con la visi\u00f3n de hacer el bienestar, la recuperaci\u00f3n y la longevidad m\u00e1s accesibles y efectivos, Anna Davies, Fundadora y Directora de <a href=\"https:\/\/refinedwellness.com.au\/\" target=\"_blank\" rel=\"noopener\">Bienestar refinado<\/a>, busc\u00f3 las tecnolog\u00edas m\u00e1s avanzadas y basadas en evidencia del mundo, soluciones en las que conf\u00edan los expertos y que han demostrado ofrecer resultados reales. <\/h3>\n\n\n\n<p>Lo que comenz\u00f3 como un solo producto pronto se convirti\u00f3 en una oferta cuidadosamente seleccionada, dise\u00f1ada para ayudar a las empresas a crear espacios donde se cruzan la prevenci\u00f3n y la recuperaci\u00f3n. Hoy, Refined Wellness se erige como la fuente de Australia y Nueva Zelanda para tecnolog\u00edas l\u00edderes a nivel mundial en bienestar y recuperaci\u00f3n. Guiada por un prop\u00f3sito, cada decisi\u00f3n que tomamos refleja el compromiso de Anna de empoderar a las empresas, transformar comunidades y redefinir lo que es posible para la salud y la longevidad.<\/p>\n\n\n\n<p>Anna es una ponente en <a href=\"https:\/\/beyondactiv.com\/events\/es\/apac\/\">M\u00e1s all\u00e1 de Activ Asia-Pac\u00edfico<\/a> en Melbourne, Australia. <\/p>","protected":false},"excerpt":{"rendered":"<p>With a vision to make wellness, recovery, and longevity more\u00a0accessible and effective, Anna Davies the Founder and Director of Refined Wellness, sought out the world\u2019s most\u00a0advanced, evidence-backed technologies, solutions trusted\u00a0by experts and proven to deliver real results. What started as\u00a0a single product soon became a carefully curated offering,\u00a0designed to help businesses create spaces where prevention\u00a0and [&hellip;]<\/p>\n","protected":false},"featured_media":66592,"template":"","speakers-type":[71],"class_list":["post-66591","all_speakers","type-all_speakers","status-publish","has-post-thumbnail","hentry","speakers-type-2025-apac-speakers"],"blocksy_meta":[],"_links":{"self":[{"href":"https:\/\/beyondactiv.com\/events\/es\/wp-json\/wp\/v2\/all_speakers\/66591","targetHints":{"allow":["GET"]}}],"collection":[{"href":"https:\/\/beyondactiv.com\/events\/es\/wp-json\/wp\/v2\/all_speakers"}],"about":[{"href":"https:\/\/beyondactiv.com\/events\/es\/wp-json\/wp\/v2\/types\/all_speakers"}],"wp:featuredmedia":[{"embeddable":true,"href":"https:\/\/beyondactiv.com\/events\/es\/wp-json\/wp\/v2\/media\/66592"}],"wp:attachment":[{"href":"https:\/\/beyondactiv.com\/events\/es\/wp-json\/wp\/v2\/media?parent=66591"}],"wp:term":[{"taxonomy":"speakers-type","embeddable":true,"href":"https:\/\/beyondactiv.com\/events\/es\/wp-json\/wp\/v2\/speakers-type?post=66591"}],"curies":[{"name":"wp","href":"https:\/\/api.w.org\/{rel}","templated":true}]}}

<h3 class="wp-block-heading">Con la visión de hacer el bienestar, la recuperación y la longevidad más accesibles y efectivos, Anna Davies, Fundadora y Directora de <a href="https://refinedwellness.com.au/" target="_blank" rel="noopener">Bienestar refinado</a>, buscó las tecnologías más avanzadas y basadas en evidencia del mundo, soluciones en las que confían los expertos y que han demostrado ofrecer resultados reales. </h3>



<p>Lo que comenzó como un solo producto pronto se convirtió en una oferta cuidadosamente seleccionada, diseñada para ayudar a las empresas a crear espacios donde se cruzan la prevención y la recuperación. Hoy, Refined Wellness se erige como la fuente de Australia y Nueva Zelanda para tecnologías líderes a nivel mundial en bienestar y recuperación. Guiada por un propósito, cada decisión que tomamos refleja el compromiso de Anna de empoderar a las empresas, transformar comunidades y redefinir lo que es posible para la salud y la longevidad.</p>



<p>Anna es una ponente en <a href="https://beyondactiv.com/events/es/apac/">Más allá de Activ Asia-Pacífico</a> en Melbourne, Australia. </p>
