{"id":63592,"date":"2025-08-05T11:58:09","date_gmt":"2025-08-05T03:58:09","guid":{"rendered":"https:\/\/beyondactiv.com\/events\/?post_type=all_speakers&#038;p=63592"},"modified":"2026-04-27T11:23:43","modified_gmt":"2026-04-27T03:23:43","slug":"conor-oloughlin-2","status":"publish","type":"all_speakers","link":"https:\/\/beyondactiv.com\/events\/es\/speakers\/conor-oloughlin-2\/","title":{"rendered":"Conor O'Loughlin"},"content":{"rendered":"<h3 class=\"wp-block-heading\">Conor O\u2019Loughlin es Director de Ingresos en <a href=\"https:\/\/abcfitness.com\/\" target=\"_blank\" rel=\"noopener\">ABC Fitness<\/a> donde dirige la organizaci\u00f3n global de ventas de la empresa en todos los segmentos de productos: Enterprise, Mid-Market, SMB y Boutique. <\/h3>\n\n\n\n<p>Un ejecutivo din\u00e1mico y guiado por valores, Conor es responsable de alinear la estrategia de ingresos, escalar el crecimiento y generar impacto en diversos mercados de fitness a nivel mundial. Antes de unirse a ABC, Conor cofund\u00f3 y escal\u00f3 Glofox, una plataforma l\u00edder de software de gesti\u00f3n de fitness, nacida de su pasi\u00f3n por el fitness y la tecnolog\u00eda. Su trayectoria empresarial sigui\u00f3 a una carrera de 9 a\u00f1os como jugador profesional de rugby con Connacht, donde cultiv\u00f3 por primera vez la disciplina y el estilo de liderazgo que hoy aplica en los negocios. Tambi\u00e9n es ponente en <a href=\"https:\/\/beyondactiv.com\/events\/es\/americas\/\">Beyond Activ Am\u00e9ricas<\/a> en Dallas, Estados Unidos.<\/p>","protected":false},"excerpt":{"rendered":"<p>Conor O&#8217;Loughlin is Chief Revenue Officer at ABC Fitness where he leads the company\u2019s global sales organization across all product segments\u2014Enterprise, Mid-Market, SMB, and Boutique. A dynamic and values-driven executive, Conor is responsible for aligning revenue strategy, scaling growth, and delivering impact across diverse fitness markets worldwide. Before joining ABC, Conor co-founded and scaled Glofox, [&hellip;]<\/p>\n","protected":false},"featured_media":63593,"template":"","speakers-type":[69,81],"class_list":["post-63592","all_speakers","type-all_speakers","status-publish","has-post-thumbnail","hentry","speakers-type-2025-americas-speakers","speakers-type-2026-europe-speakers"],"blocksy_meta":[],"_links":{"self":[{"href":"https:\/\/beyondactiv.com\/events\/es\/wp-json\/wp\/v2\/all_speakers\/63592","targetHints":{"allow":["GET"]}}],"collection":[{"href":"https:\/\/beyondactiv.com\/events\/es\/wp-json\/wp\/v2\/all_speakers"}],"about":[{"href":"https:\/\/beyondactiv.com\/events\/es\/wp-json\/wp\/v2\/types\/all_speakers"}],"wp:featuredmedia":[{"embeddable":true,"href":"https:\/\/beyondactiv.com\/events\/es\/wp-json\/wp\/v2\/media\/63593"}],"wp:attachment":[{"href":"https:\/\/beyondactiv.com\/events\/es\/wp-json\/wp\/v2\/media?parent=63592"}],"wp:term":[{"taxonomy":"speakers-type","embeddable":true,"href":"https:\/\/beyondactiv.com\/events\/es\/wp-json\/wp\/v2\/speakers-type?post=63592"}],"curies":[{"name":"wp","href":"https:\/\/api.w.org\/{rel}","templated":true}]}}

<h3 class="wp-block-heading">Conor O’Loughlin es Director de Ingresos en <a href="https://abcfitness.com/" target="_blank" rel="noopener">ABC Fitness</a> donde dirige la organización global de ventas de la empresa en todos los segmentos de productos: Enterprise, Mid-Market, SMB y Boutique. </h3>



<p>Un ejecutivo dinámico y guiado por valores, Conor es responsable de alinear la estrategia de ingresos, escalar el crecimiento y generar impacto en diversos mercados de fitness a nivel mundial. Antes de unirse a ABC, Conor cofundó y escaló Glofox, una plataforma líder de software de gestión de fitness, nacida de su pasión por el fitness y la tecnología. Su trayectoria empresarial siguió a una carrera de 9 años como jugador profesional de rugby con Connacht, donde cultivó por primera vez la disciplina y el estilo de liderazgo que hoy aplica en los negocios. También es ponente en <a href="https://beyondactiv.com/events/es/americas/">Beyond Activ Américas</a> en Dallas, Estados Unidos.</p>
