{"id":63461,"date":"2025-07-31T10:41:53","date_gmt":"2025-07-31T02:41:53","guid":{"rendered":"https:\/\/beyondactiv.com\/events\/?post_type=all_speakers&#038;p=63461"},"modified":"2025-07-31T10:43:58","modified_gmt":"2025-07-31T02:43:58","slug":"adrian-heffernan","status":"publish","type":"all_speakers","link":"https:\/\/beyondactiv.com\/events\/es\/speakers\/adrian-heffernan\/","title":{"rendered":"Adrian Heffernan"},"content":{"rendered":"<h3 class=\"wp-block-heading\">Adrian Heffernan es Vicepresidente de Experiencia del Cliente en <a href=\"https:\/\/www.lesmills.com\/\" data-type=\"link\" data-id=\"https:\/\/www.lesmills.com\/\" target=\"_blank\" rel=\"noopener\">Les Mills Espa\u00f1a<\/a>, l\u00edder mundial en fitness y bienestar en grupo, con miles de clientes en m\u00e1s de 100 mercados.\u00a0<\/h3>\n\n\n\n<p>En Les Mills US dirige el desarrollo empresarial y el \u00e9xito de los clientes, y ha encabezado la introducci\u00f3n en el mercado de la innovaci\u00f3n de Les Mills para los canales presenciales y digitales con el fin de impulsar la participaci\u00f3n, la retenci\u00f3n y la excelencia operativa de los operadores de clubes. Adrian reside en California y, con ra\u00edces en la ciencia del ejercicio, le apasiona ayudar a la gente a moverse y cumplir la misi\u00f3n de Les Mills de crear un planeta m\u00e1s en forma.<\/p>\n\n\n\n<p>Adrian tambi\u00e9n es ponente en <a href=\"https:\/\/beyondactiv.com\/events\/es\/americas\/\">Beyond Activ Am\u00e9ricas<\/a> en Dallas, Estados Unidos.<\/p>","protected":false},"excerpt":{"rendered":"<p>Adrian Heffernan is the Vice President, Customer Experience\u00a0at Les\u202fMills US, a global leader in group fitness and wellness supporting thousands of customers in over 100 markets.\u00a0 At Les\u202fMills US he leads business development and customer success &#8211; and has spearheaded the go to market for Les Mills&#8217; innovation for both live and digital channels to [&hellip;]<\/p>\n","protected":false},"featured_media":63462,"template":"","speakers-type":[69],"class_list":["post-63461","all_speakers","type-all_speakers","status-publish","has-post-thumbnail","hentry","speakers-type-2025-americas-speakers"],"blocksy_meta":[],"_links":{"self":[{"href":"https:\/\/beyondactiv.com\/events\/es\/wp-json\/wp\/v2\/all_speakers\/63461","targetHints":{"allow":["GET"]}}],"collection":[{"href":"https:\/\/beyondactiv.com\/events\/es\/wp-json\/wp\/v2\/all_speakers"}],"about":[{"href":"https:\/\/beyondactiv.com\/events\/es\/wp-json\/wp\/v2\/types\/all_speakers"}],"wp:featuredmedia":[{"embeddable":true,"href":"https:\/\/beyondactiv.com\/events\/es\/wp-json\/wp\/v2\/media\/63462"}],"wp:attachment":[{"href":"https:\/\/beyondactiv.com\/events\/es\/wp-json\/wp\/v2\/media?parent=63461"}],"wp:term":[{"taxonomy":"speakers-type","embeddable":true,"href":"https:\/\/beyondactiv.com\/events\/es\/wp-json\/wp\/v2\/speakers-type?post=63461"}],"curies":[{"name":"wp","href":"https:\/\/api.w.org\/{rel}","templated":true}]}}

<h3 class="wp-block-heading">Adrian Heffernan es Vicepresidente de Experiencia del Cliente en <a href="https://www.lesmills.com/" data-type="link" data-id="https://www.lesmills.com/" target="_blank" rel="noopener">Les Mills España</a>, líder mundial en fitness y bienestar en grupo, con miles de clientes en más de 100 mercados. </h3>



<p>En Les Mills US dirige el desarrollo empresarial y el éxito de los clientes, y ha encabezado la introducción en el mercado de la innovación de Les Mills para los canales presenciales y digitales con el fin de impulsar la participación, la retención y la excelencia operativa de los operadores de clubes. Adrian reside en California y, con raíces en la ciencia del ejercicio, le apasiona ayudar a la gente a moverse y cumplir la misión de Les Mills de crear un planeta más en forma.</p>



<p>Adrian también es ponente en <a href="https://beyondactiv.com/events/es/americas/">Beyond Activ Américas</a> en Dallas, Estados Unidos.</p>
