{"id":63115,"date":"2025-07-25T13:18:45","date_gmt":"2025-07-25T05:18:45","guid":{"rendered":"https:\/\/beyondactiv.com\/events\/?post_type=all_speakers&#038;p=63115"},"modified":"2025-08-27T10:02:40","modified_gmt":"2025-08-27T02:02:40","slug":"danny-dulkin","status":"publish","type":"all_speakers","link":"https:\/\/beyondactiv.com\/events\/es\/speakers\/danny-dulkin\/","title":{"rendered":"Danny Dulkin"},"content":{"rendered":"<h3 class=\"wp-block-heading\">Danny Dulkin es Vicepresidente primero de Desarrollo en <a href=\"https:\/\/archamenity.com\/\" target=\"_blank\" rel=\"noopener\">Grupo Arch Amenities<\/a>.<\/h3>\n\n\n\n<p>Danny<strong> <\/strong>tiene m\u00e1s de una d\u00e9cada de liderazgo progresivo en el dise\u00f1o, desarrollo y operaciones de instalaciones de fitness en diversos sectores verticales de la industria. Desde que se uni\u00f3 a Arch, Danny ha desempe\u00f1ado un papel fundamental en la configuraci\u00f3n de la presencia nacional de la empresa, supervisando la entrega exitosa de m\u00e1s de 300 proyectos de gimnasios llave en mano, incluyendo docenas de proyectos de desarrollo de alto perfil.<\/p>\n\n\n\n<p>Danny es ponente en <a href=\"https:\/\/beyondactiv.com\/events\/es\/americas\/\">Beyond Activ Am\u00e9ricas<\/a> en Dallas, Estados Unidos. <\/p>","protected":false},"excerpt":{"rendered":"<p>Danny Dulkin is Senior Vice President, Development at Arch Amenities Group. Danny has over a decade of progressive leadership in the design, development, and operations of fitness facilities across diverse industry verticals. Since joining Arch, Danny has played a pivotal role in shaping the company\u2019s national footprint, overseeing the successful delivery of over 300 turn-key [&hellip;]<\/p>\n","protected":false},"featured_media":63117,"template":"","speakers-type":[69],"class_list":["post-63115","all_speakers","type-all_speakers","status-publish","has-post-thumbnail","hentry","speakers-type-2025-americas-speakers"],"blocksy_meta":[],"_links":{"self":[{"href":"https:\/\/beyondactiv.com\/events\/es\/wp-json\/wp\/v2\/all_speakers\/63115","targetHints":{"allow":["GET"]}}],"collection":[{"href":"https:\/\/beyondactiv.com\/events\/es\/wp-json\/wp\/v2\/all_speakers"}],"about":[{"href":"https:\/\/beyondactiv.com\/events\/es\/wp-json\/wp\/v2\/types\/all_speakers"}],"wp:featuredmedia":[{"embeddable":true,"href":"https:\/\/beyondactiv.com\/events\/es\/wp-json\/wp\/v2\/media\/63117"}],"wp:attachment":[{"href":"https:\/\/beyondactiv.com\/events\/es\/wp-json\/wp\/v2\/media?parent=63115"}],"wp:term":[{"taxonomy":"speakers-type","embeddable":true,"href":"https:\/\/beyondactiv.com\/events\/es\/wp-json\/wp\/v2\/speakers-type?post=63115"}],"curies":[{"name":"wp","href":"https:\/\/api.w.org\/{rel}","templated":true}]}}

<h3 class="wp-block-heading">Danny Dulkin es Vicepresidente primero de Desarrollo en <a href="https://archamenity.com/" target="_blank" rel="noopener">Grupo Arch Amenities</a>.</h3>



<p>Danny<strong> </strong>tiene más de una década de liderazgo progresivo en el diseño, desarrollo y operaciones de instalaciones de fitness en diversos sectores verticales de la industria. Desde que se unió a Arch, Danny ha desempeñado un papel fundamental en la configuración de la presencia nacional de la empresa, supervisando la entrega exitosa de más de 300 proyectos de gimnasios llave en mano, incluyendo docenas de proyectos de desarrollo de alto perfil.</p>



<p>Danny es ponente en <a href="https://beyondactiv.com/events/es/americas/">Beyond Activ Américas</a> en Dallas, Estados Unidos. </p>
