{"id":63024,"date":"2025-07-22T11:29:40","date_gmt":"2025-07-22T03:29:40","guid":{"rendered":"https:\/\/beyondactiv.com\/events\/?post_type=all_speakers&#038;p=63024"},"modified":"2025-07-23T18:14:49","modified_gmt":"2025-07-23T10:14:49","slug":"kathleen-tullie","status":"publish","type":"all_speakers","link":"https:\/\/beyondactiv.com\/events\/es\/speakers\/kathleen-tullie\/","title":{"rendered":"Kathleen Tullie"},"content":{"rendered":"<h3 class=\"wp-block-heading\">Kathleen Tullie es fundadora y consejera delegada de <a href=\"http:\/\/www.activekids.org\/\" data-type=\"link\" data-id=\"http:\/\/www.activekids.org\/\" target=\"_blank\" rel=\"noopener\">Ni\u00f1os y mentes activas<\/a>, antes conocido como BOKS, uno de los mayores programas de base de actividad f\u00edsica para ni\u00f1os de Norteam\u00e9rica. <\/h3>\n\n\n\n<p>Lanzado en una sola escuela en 2009, el programa se ha ampliado desde entonces para llegar a m\u00e1s de un mill\u00f3n de ni\u00f1os en todo el mundo, ofreciendo planes de estudios gratuitos sobre actividad f\u00edsica y nutrici\u00f3n basados en pruebas para apoyar el bienestar integral de los ni\u00f1os.\u00a0<\/p>\n\n\n\n<p>Motivada por un susto personal de salud e inspirada por el libro Spark del Dr. John Ratey, Kathleen dej\u00f3 una carrera de 18 a\u00f1os en finanzas inmobiliarias para centrarse en la prevenci\u00f3n a trav\u00e9s del movimiento y el juego. Su labor ha sido reconocida por la iniciativa Let's Move de la Primera Dama Michelle Obama, y en 2013 recibi\u00f3 el Premio al Liderazgo Comunitario del President's Council on Fitness. Kathleen ha colaborado con importantes entidades p\u00fablicas y privadas como Reebok, adidas, la Organizaci\u00f3n Mundial de la Salud y Partnership for a Healthier America para ofrecer programas de gran impacto en las comunidades.&nbsp;<\/p>\n\n\n\n<p>M\u00e1s recientemente, fue Jefa de Prop\u00f3sito Social en Reebok International y trabaj\u00f3 como consultora para la OMS, ayudando a desarrollar su Registro de Compromisos para reducir la inactividad f\u00edsica mundial en 15% para 2030, y como Jefa de Prop\u00f3sito Social en Reebok International.&nbsp;<\/p>\n\n\n\n<p>Kathleen tambi\u00e9n ha aparecido en numerosos medios de comunicaci\u00f3n, como The New York Times, CBS, Huffington Post, NESN y NPR. Family Circle incluy\u00f3 a Kathleen entre las 20 madres m\u00e1s influyentes y dio una charla TEDx en 2017. Licenciada por la Western Michigan University (BA) y por la Universidad de Edimburgo, Escocia (MBA), Kathleen ha desarrollado su carrera profesional en Jap\u00f3n, Escocia y Estados Unidos, y actualmente vive en las afueras de Boston, MA, con su marido, sus dos hijos y sus dos perros golden retriever, sus compa\u00f1eros favoritos para correr.<\/p>\n\n\n\n<p>Kathleen es ponente en <a href=\"https:\/\/beyondactiv.com\/events\/es\/americas\/\" data-type=\"link\" data-id=\"https:\/\/beyondactiv.com\/events\/americas\/\">Beyond Activ Am\u00e9ricas<\/a> en Dallas, Estados Unidos.<\/p>","protected":false},"excerpt":{"rendered":"<p>Kathleen Tullie is the Founder &amp; CEO of Active Kids &amp; Minds, formerly known as BOKS, one of\u00a0 the largest grassroots physical activity programs for children in North America. Launched from a single school in 2009, the program has since scaled to reach well over 1 million children globally, offering\u00a0 free, evidence-based physical activity and [&hellip;]<\/p>\n","protected":false},"featured_media":63085,"template":"","speakers-type":[69],"class_list":["post-63024","all_speakers","type-all_speakers","status-publish","has-post-thumbnail","hentry","speakers-type-2025-americas-speakers"],"blocksy_meta":[],"_links":{"self":[{"href":"https:\/\/beyondactiv.com\/events\/es\/wp-json\/wp\/v2\/all_speakers\/63024","targetHints":{"allow":["GET"]}}],"collection":[{"href":"https:\/\/beyondactiv.com\/events\/es\/wp-json\/wp\/v2\/all_speakers"}],"about":[{"href":"https:\/\/beyondactiv.com\/events\/es\/wp-json\/wp\/v2\/types\/all_speakers"}],"wp:featuredmedia":[{"embeddable":true,"href":"https:\/\/beyondactiv.com\/events\/es\/wp-json\/wp\/v2\/media\/63085"}],"wp:attachment":[{"href":"https:\/\/beyondactiv.com\/events\/es\/wp-json\/wp\/v2\/media?parent=63024"}],"wp:term":[{"taxonomy":"speakers-type","embeddable":true,"href":"https:\/\/beyondactiv.com\/events\/es\/wp-json\/wp\/v2\/speakers-type?post=63024"}],"curies":[{"name":"wp","href":"https:\/\/api.w.org\/{rel}","templated":true}]}}

<h3 class="wp-block-heading">Kathleen Tullie es fundadora y consejera delegada de <a href="http://www.activekids.org/" data-type="link" data-id="http://www.activekids.org/" target="_blank" rel="noopener">Niños y mentes activas</a>, antes conocido como BOKS, uno de los mayores programas de base de actividad física para niños de Norteamérica. </h3>



<p>Lanzado en una sola escuela en 2009, el programa se ha ampliado desde entonces para llegar a más de un millón de niños en todo el mundo, ofreciendo planes de estudios gratuitos sobre actividad física y nutrición basados en pruebas para apoyar el bienestar integral de los niños. </p>



<p>Motivada por un susto personal de salud e inspirada por el libro Spark del Dr. John Ratey, Kathleen dejó una carrera de 18 años en finanzas inmobiliarias para centrarse en la prevención a través del movimiento y el juego. Su labor ha sido reconocida por la iniciativa Let's Move de la Primera Dama Michelle Obama, y en 2013 recibió el Premio al Liderazgo Comunitario del President's Council on Fitness. Kathleen ha colaborado con importantes entidades públicas y privadas como Reebok, adidas, la Organización Mundial de la Salud y Partnership for a Healthier America para ofrecer programas de gran impacto en las comunidades.&nbsp;</p>



<p>Más recientemente, fue Jefa de Propósito Social en Reebok International y trabajó como consultora para la OMS, ayudando a desarrollar su Registro de Compromisos para reducir la inactividad física mundial en 15% para 2030, y como Jefa de Propósito Social en Reebok International.&nbsp;</p>



<p>Kathleen también ha aparecido en numerosos medios de comunicación, como The New York Times, CBS, Huffington Post, NESN y NPR. Family Circle incluyó a Kathleen entre las 20 madres más influyentes y dio una charla TEDx en 2017. Licenciada por la Western Michigan University (BA) y por la Universidad de Edimburgo, Escocia (MBA), Kathleen ha desarrollado su carrera profesional en Japón, Escocia y Estados Unidos, y actualmente vive en las afueras de Boston, MA, con su marido, sus dos hijos y sus dos perros golden retriever, sus compañeros favoritos para correr.</p>



<p>Kathleen es ponente en <a href="https://beyondactiv.com/events/es/americas/" data-type="link" data-id="https://beyondactiv.com/events/americas/">Beyond Activ Américas</a> en Dallas, Estados Unidos.</p>
