{"id":51704,"date":"2024-08-07T13:24:01","date_gmt":"2024-08-07T05:24:01","guid":{"rendered":"https:\/\/beyondactiv.com\/events\/?post_type=all_speakers&#038;p=51704"},"modified":"2025-08-27T09:59:32","modified_gmt":"2025-08-27T01:59:32","slug":"wendy-white","status":"publish","type":"all_speakers","link":"https:\/\/beyondactiv.com\/events\/es\/speakers\/wendy-white\/","title":{"rendered":"Wendy White"},"content":{"rendered":"<h3 class=\"wp-block-heading\">Wendy White, la CMO de <a href=\"https:\/\/www.daxko.com\/\" target=\"_blank\" rel=\"noopener\">Daxko<\/a> aporta m\u00e1s de dos d\u00e9cadas de experiencia en marketing de tecnolog\u00eda B2B.<\/h3>\n\n\n\n<p>Sus responsabilidades incluyen impulsar la presencia y expansi\u00f3n de mercado de la empresa. La carrera de Wendy incluye roles de liderazgo en Egencia, Microsoft e Intel. Tambi\u00e9n es veterana del Ej\u00e9rcito de los EE. UU. con un MBA de la Universidad de California en Davis y una licenciatura de UC Berkeley. Wendy tambi\u00e9n es oradora en <a href=\"https:\/\/beyondactiv.com\/events\/es\/americas\/\">Beyond Activ Am\u00e9ricas<\/a> en Dallas, Estados Unidos.<\/p>","protected":false},"excerpt":{"rendered":"<p>Wendy White, the CMO of Daxko brings over two decades of B2B technology marketing experience. Her responsibilities include driving the company\u2019s market presence and expansion. Wendy\u2019s career includes leadership roles at Egencia, Microsoft, and Intel. She is also a U.S. Army veteran with an MBA from the University of California at Davis and a BA [&hellip;]<\/p>\n","protected":false},"featured_media":64737,"template":"","speakers-type":[59,69],"class_list":["post-51704","all_speakers","type-all_speakers","status-publish","has-post-thumbnail","hentry","speakers-type-2024-americas-speakers-confirmed","speakers-type-2025-americas-speakers"],"blocksy_meta":[],"_links":{"self":[{"href":"https:\/\/beyondactiv.com\/events\/es\/wp-json\/wp\/v2\/all_speakers\/51704","targetHints":{"allow":["GET"]}}],"collection":[{"href":"https:\/\/beyondactiv.com\/events\/es\/wp-json\/wp\/v2\/all_speakers"}],"about":[{"href":"https:\/\/beyondactiv.com\/events\/es\/wp-json\/wp\/v2\/types\/all_speakers"}],"wp:featuredmedia":[{"embeddable":true,"href":"https:\/\/beyondactiv.com\/events\/es\/wp-json\/wp\/v2\/media\/64737"}],"wp:attachment":[{"href":"https:\/\/beyondactiv.com\/events\/es\/wp-json\/wp\/v2\/media?parent=51704"}],"wp:term":[{"taxonomy":"speakers-type","embeddable":true,"href":"https:\/\/beyondactiv.com\/events\/es\/wp-json\/wp\/v2\/speakers-type?post=51704"}],"curies":[{"name":"wp","href":"https:\/\/api.w.org\/{rel}","templated":true}]}}

<h3 class="wp-block-heading">Wendy White, la CMO de <a href="https://www.daxko.com/" target="_blank" rel="noopener">Daxko</a> aporta más de dos décadas de experiencia en marketing de tecnología B2B.</h3>



<p>Sus responsabilidades incluyen impulsar la presencia y expansión de mercado de la empresa. La carrera de Wendy incluye roles de liderazgo en Egencia, Microsoft e Intel. También es veterana del Ejército de los EE. UU. con un MBA de la Universidad de California en Davis y una licenciatura de UC Berkeley. Wendy también es oradora en <a href="https://beyondactiv.com/events/es/americas/">Beyond Activ Américas</a> en Dallas, Estados Unidos.</p>
