{"id":50840,"date":"2024-06-28T10:09:39","date_gmt":"2024-06-28T02:09:39","guid":{"rendered":"https:\/\/beyondactiv.com\/events\/?post_type=all_speakers&#038;p=50840"},"modified":"2024-07-08T11:34:55","modified_gmt":"2024-07-08T03:34:55","slug":"justin-vartanian","status":"publish","type":"all_speakers","link":"https:\/\/beyondactiv.com\/events\/es\/speakers\/justin-vartanian\/","title":{"rendered":"Justin Vartanian"},"content":{"rendered":"<h3 class=\"wp-block-heading\">Justin Vartanian se desempe\u00f1a como Asesor General y Vicepresidente Senior de la Divisi\u00f3n Internacional en <a href=\"https:\/\/www.planetfitness.com\/\" data-type=\"link\" data-id=\"https:\/\/www.planetfitness.com\/\" target=\"_blank\" rel=\"noopener\">Planet Fitness<\/a>, supervisando todos los asuntos legales y el desarrollo internacional. <\/h3>\n\n\n\n<p>Se uni\u00f3 a la Compa\u00f1\u00eda como Asesor General en 2014 y desempe\u00f1\u00f3 un papel fundamental en la oferta p\u00fablica inicial de la Compa\u00f1\u00eda en agosto de 2015, y desde entonces ha supervisado todos los asuntos relacionados con la compa\u00f1\u00eda p\u00fablica, gobierno corporativo y franquicias como miembro clave del equipo de liderazgo de la compa\u00f1\u00eda. Antes de unirse a Planet Fitness, el Sr. Vartanian fue abogado corporativo en Devine Millimet. Actualmente tambi\u00e9n forma parte de la Junta Directiva de la Regi\u00f3n NH\/VT\/ME de la Cruz Roja Americana y de la Business &amp; Industry Association de Nuevo Hampshire. Justin tambi\u00e9n es orador en <a href=\"https:\/\/beyondactiv.com\/events\/es\/americas\/\" data-type=\"link\" data-id=\"https:\/\/beyondactiv.com\/events\/americas\/\">Beyond Activ Am\u00e9ricas<\/a> en Nueva York, Estados Unidos.<\/p>","protected":false},"excerpt":{"rendered":"<p>Justin Vartanian serves as General Counsel and SVP, International Division at Planet Fitness, overseeing all legal matters and international development. He joined the Company as General Counsel in 2014 and played a critical role in the Company\u2019s initial public offering in August of 2015, and has since overseen all public company, corporate governance and franchising [&hellip;]<\/p>\n","protected":false},"featured_media":50841,"template":"","speakers-type":[59],"class_list":["post-50840","all_speakers","type-all_speakers","status-publish","has-post-thumbnail","hentry","speakers-type-2024-americas-speakers-confirmed"],"blocksy_meta":[],"_links":{"self":[{"href":"https:\/\/beyondactiv.com\/events\/es\/wp-json\/wp\/v2\/all_speakers\/50840","targetHints":{"allow":["GET"]}}],"collection":[{"href":"https:\/\/beyondactiv.com\/events\/es\/wp-json\/wp\/v2\/all_speakers"}],"about":[{"href":"https:\/\/beyondactiv.com\/events\/es\/wp-json\/wp\/v2\/types\/all_speakers"}],"wp:featuredmedia":[{"embeddable":true,"href":"https:\/\/beyondactiv.com\/events\/es\/wp-json\/wp\/v2\/media\/50841"}],"wp:attachment":[{"href":"https:\/\/beyondactiv.com\/events\/es\/wp-json\/wp\/v2\/media?parent=50840"}],"wp:term":[{"taxonomy":"speakers-type","embeddable":true,"href":"https:\/\/beyondactiv.com\/events\/es\/wp-json\/wp\/v2\/speakers-type?post=50840"}],"curies":[{"name":"wp","href":"https:\/\/api.w.org\/{rel}","templated":true}]}}

<h3 class="wp-block-heading">Justin Vartanian se desempeña como Asesor General y Vicepresidente Senior de la División Internacional en <a href="https://www.planetfitness.com/" data-type="link" data-id="https://www.planetfitness.com/" target="_blank" rel="noopener">Planet Fitness</a>, supervisando todos los asuntos legales y el desarrollo internacional. </h3>



<p>Se unió a la Compañía como Asesor General en 2014 y desempeñó un papel fundamental en la oferta pública inicial de la Compañía en agosto de 2015, y desde entonces ha supervisado todos los asuntos relacionados con la compañía pública, gobierno corporativo y franquicias como miembro clave del equipo de liderazgo de la compañía. Antes de unirse a Planet Fitness, el Sr. Vartanian fue abogado corporativo en Devine Millimet. Actualmente también forma parte de la Junta Directiva de la Región NH/VT/ME de la Cruz Roja Americana y de la Business &amp; Industry Association de Nuevo Hampshire. Justin también es orador en <a href="https://beyondactiv.com/events/es/americas/" data-type="link" data-id="https://beyondactiv.com/events/americas/">Beyond Activ Américas</a> en Nueva York, Estados Unidos.</p>
