{"id":49730,"date":"2024-05-24T10:15:06","date_gmt":"2024-05-24T02:15:06","guid":{"rendered":"https:\/\/beyondactiv.com\/events\/?post_type=all_speakers&#038;p=49730"},"modified":"2024-07-11T13:05:39","modified_gmt":"2024-07-11T05:05:39","slug":"jim-pisani","status":"publish","type":"all_speakers","link":"https:\/\/beyondactiv.com\/events\/es\/speakers\/jim-pisani\/","title":{"rendered":"Jim Pisani"},"content":{"rendered":"<h3 class=\"wp-block-heading\">Jim Pisani es Consejero Delegado de <a href=\"https:\/\/www.lifefitness.com\/en-eu\" target=\"_blank\" rel=\"noopener\">Life Fitness<\/a>, l\u00edder mundial en fitness comercial<br>equipos, incorpor\u00e1ndose a la empresa en julio de 2023.<\/h3>\n\n\n\n<p>Bajo el liderazgo de Jim, Life Fitness sigue transform\u00e1ndose en su visi\u00f3n de ser el<br>socio preferente de los proveedores de servicios de empleo mediante la creaci\u00f3n de marcas y experiencias aspiracionales. Jim se centra en<br>ofreciendo una experiencia del cliente sin fisuras, al tiempo que impulsa la innovaci\u00f3n en cardio y fuerza. En<br>2024, Life Fitness lanz\u00f3 su l\u00ednea de equipos de cardio m\u00e1s innovadora e inmersiva, Symbio.<br>Para satisfacer las necesidades cambiantes del mercado del entrenamiento de fuerza, la empresa sigue innovando sus<br>l\u00edneas de fuerza, incluida su marca l\u00edder en rendimiento, Hammer Strength.<br><br>Jim aporta m\u00e1s de 25 a\u00f1os de experiencia a su funci\u00f3n directiva, centrada en el exterior global,<br>marcas de ocio y ropa deportiva y desarrollar organizaciones de alto rendimiento. M\u00e1s informaci\u00f3n en<br>Recientemente ocup\u00f3 el cargo de Consejero Delegado de Outdoor &amp; Recreation Business Segment of<br>Newell Brands.  En este puesto, Jim dirigi\u00f3 la expansi\u00f3n de marcas globales ic\u00f3nicas como Coleman,<br>Marmot, Contigo y Campingaz, al tiempo que se construye una cultura orientada a los objetivos y al rendimiento.<br>Antes de trabajar en Newell, Jim fue Presidente Mundial de Timberland, donde se encarg\u00f3 de la ejecuci\u00f3n sostenible,<br>crecimiento rentable dentro de una cartera de marcas que inclu\u00eda Timberland, Timberland PRO, Kodiak,<br>Terra y Dickies. Tambi\u00e9n fue Presidente de VF Licensed Sports Group, donde supervis\u00f3<br>las licencias de uniformes y prendas de vestir de las Grandes Ligas de b\u00e9isbol, as\u00ed como las licencias de prendas de vestir de<br>la National Football League, la National Basketball Association, la National Hockey League y la<br>National Collegiate Athletic Association. Tambi\u00e9n ejecut\u00f3 estrategias de crecimiento para grandes empresas de consumo.<br>marcas como PepsiCo y Kraft.<\/p>\n\n\n\n<p>Jim es ponente en <a href=\"https:\/\/beyondactiv.com\/events\/es\/americas\/\">Beyond Activ Am\u00e9ricas<\/a> en Nueva York, Estados Unidos. <\/p>","protected":false},"excerpt":{"rendered":"<p>Jim Pisani is Chief Executive Officer of Life Fitness, the global leader in commercial fitnessequipment, joining the company in July 2023. Under Jim\u2019s leadership, Life Fitness continues to transform in its vision to be the world\u2019sworkout partner of choice by building aspirational brands and experiences. Jim is focused ondelivering a seamless customer journey, while driving [&hellip;]<\/p>\n","protected":false},"featured_media":49731,"template":"","speakers-type":[59],"class_list":["post-49730","all_speakers","type-all_speakers","status-publish","has-post-thumbnail","hentry","speakers-type-2024-americas-speakers-confirmed"],"blocksy_meta":[],"_links":{"self":[{"href":"https:\/\/beyondactiv.com\/events\/es\/wp-json\/wp\/v2\/all_speakers\/49730","targetHints":{"allow":["GET"]}}],"collection":[{"href":"https:\/\/beyondactiv.com\/events\/es\/wp-json\/wp\/v2\/all_speakers"}],"about":[{"href":"https:\/\/beyondactiv.com\/events\/es\/wp-json\/wp\/v2\/types\/all_speakers"}],"wp:featuredmedia":[{"embeddable":true,"href":"https:\/\/beyondactiv.com\/events\/es\/wp-json\/wp\/v2\/media\/49731"}],"wp:attachment":[{"href":"https:\/\/beyondactiv.com\/events\/es\/wp-json\/wp\/v2\/media?parent=49730"}],"wp:term":[{"taxonomy":"speakers-type","embeddable":true,"href":"https:\/\/beyondactiv.com\/events\/es\/wp-json\/wp\/v2\/speakers-type?post=49730"}],"curies":[{"name":"wp","href":"https:\/\/api.w.org\/{rel}","templated":true}]}}

<h3 class="wp-block-heading">Jim Pisani es Consejero Delegado de <a href="https://www.lifefitness.com/en-eu" target="_blank" rel="noopener">Life Fitness</a>, líder mundial en fitness comercial<br>equipos, incorporándose a la empresa en julio de 2023.</h3>



<p>Bajo el liderazgo de Jim, Life Fitness sigue transformándose en su visión de ser el<br>socio preferente de los proveedores de servicios de empleo mediante la creación de marcas y experiencias aspiracionales. Jim se centra en<br>ofreciendo una experiencia del cliente sin fisuras, al tiempo que impulsa la innovación en cardio y fuerza. En<br>2024, Life Fitness lanzó su línea de equipos de cardio más innovadora e inmersiva, Symbio.<br>Para satisfacer las necesidades cambiantes del mercado del entrenamiento de fuerza, la empresa sigue innovando sus<br>líneas de fuerza, incluida su marca líder en rendimiento, Hammer Strength.<br><br>Jim aporta más de 25 años de experiencia a su función directiva, centrada en el exterior global,<br>marcas de ocio y ropa deportiva y desarrollar organizaciones de alto rendimiento. Más información en<br>Recientemente ocupó el cargo de Consejero Delegado de Outdoor &amp; Recreation Business Segment of<br>Newell Brands.  En este puesto, Jim dirigió la expansión de marcas globales icónicas como Coleman,<br>Marmot, Contigo y Campingaz, al tiempo que se construye una cultura orientada a los objetivos y al rendimiento.<br>Antes de trabajar en Newell, Jim fue Presidente Mundial de Timberland, donde se encargó de la ejecución sostenible,<br>crecimiento rentable dentro de una cartera de marcas que incluía Timberland, Timberland PRO, Kodiak,<br>Terra y Dickies. También fue Presidente de VF Licensed Sports Group, donde supervisó<br>las licencias de uniformes y prendas de vestir de las Grandes Ligas de béisbol, así como las licencias de prendas de vestir de<br>la National Football League, la National Basketball Association, la National Hockey League y la<br>National Collegiate Athletic Association. También ejecutó estrategias de crecimiento para grandes empresas de consumo.<br>marcas como PepsiCo y Kraft.</p>



<p>Jim es ponente en <a href="https://beyondactiv.com/events/es/americas/">Beyond Activ Américas</a> en Nueva York, Estados Unidos. </p>
