{"id":46062,"date":"2024-02-21T10:30:31","date_gmt":"2024-02-21T02:30:31","guid":{"rendered":"https:\/\/beyondactiv.com\/events\/?post_type=all_speakers&#038;p=46062"},"modified":"2024-08-06T13:33:32","modified_gmt":"2024-08-06T05:33:32","slug":"abdulaziz-albaqous","status":"publish","type":"all_speakers","link":"https:\/\/beyondactiv.com\/events\/es\/speakers\/abdulaziz-albaqous\/","title":{"rendered":"Abdulaziz Albaqous"},"content":{"rendered":"<p>Abdulaziz Albaqous, Director Ejecutivo (Comunicaci\u00f3n, Relaciones P\u00fablicas y Relaciones Internacionales), <a href=\"https:\/\/olympic.sa\/\" data-type=\"link\" data-id=\"https:\/\/olympic.sa\/\" target=\"_blank\" rel=\"noopener\">Comit\u00e9 Ol\u00edmpico y Paral\u00edmpico Saud\u00ed<\/a> y ponente en <a href=\"https:\/\/beyondactiv.com\/events\/es\/emea\/\" data-type=\"link\" data-id=\"https:\/\/beyondactiv.com\/events\/emea\/\">M\u00e1s all\u00e1 de Activ EMEA<\/a> en Riad (Arabia Saud\u00ed).<\/p>","protected":false},"excerpt":{"rendered":"<p>Abdulaziz Albaqous, Executive Director (Communications, PR and International Relations), Saudi Olympic &amp; Paralympic Committee and speaker at Beyond Activ EMEA in Riyadh, Saudi Arabia.<\/p>","protected":false},"featured_media":46063,"template":"","speakers-type":[24],"class_list":["post-46062","all_speakers","type-all_speakers","status-publish","has-post-thumbnail","hentry","speakers-type-2024-emea-speakers"],"blocksy_meta":[],"_links":{"self":[{"href":"https:\/\/beyondactiv.com\/events\/es\/wp-json\/wp\/v2\/all_speakers\/46062","targetHints":{"allow":["GET"]}}],"collection":[{"href":"https:\/\/beyondactiv.com\/events\/es\/wp-json\/wp\/v2\/all_speakers"}],"about":[{"href":"https:\/\/beyondactiv.com\/events\/es\/wp-json\/wp\/v2\/types\/all_speakers"}],"wp:featuredmedia":[{"embeddable":true,"href":"https:\/\/beyondactiv.com\/events\/es\/wp-json\/wp\/v2\/media\/46063"}],"wp:attachment":[{"href":"https:\/\/beyondactiv.com\/events\/es\/wp-json\/wp\/v2\/media?parent=46062"}],"wp:term":[{"taxonomy":"speakers-type","embeddable":true,"href":"https:\/\/beyondactiv.com\/events\/es\/wp-json\/wp\/v2\/speakers-type?post=46062"}],"curies":[{"name":"wp","href":"https:\/\/api.w.org\/{rel}","templated":true}]}}

<p>Abdulaziz Albaqous, Director Ejecutivo (Comunicación, Relaciones Públicas y Relaciones Internacionales), <a href="https://olympic.sa/" data-type="link" data-id="https://olympic.sa/" target="_blank" rel="noopener">Comité Olímpico y Paralímpico Saudí</a> y ponente en <a href="https://beyondactiv.com/events/es/emea/" data-type="link" data-id="https://beyondactiv.com/events/emea/">Más allá de Activ EMEA</a> en Riad (Arabia Saudí).</p>
