{"id":45842,"date":"2024-02-15T13:32:41","date_gmt":"2024-02-15T05:32:41","guid":{"rendered":"https:\/\/beyondactiv.com\/events\/?post_type=all_speakers&#038;p=45842"},"modified":"2025-02-01T01:05:00","modified_gmt":"2025-01-31T17:05:00","slug":"hiroshi-limmell","status":"publish","type":"all_speakers","link":"https:\/\/beyondactiv.com\/events\/es\/speakers\/hiroshi-limmell\/","title":{"rendered":"Hiroshi Limmell"},"content":{"rendered":"<h3 class=\"wp-block-heading\">Hiroshi Limmell es Director Adjunto Senior de Compromiso y Bienestar de los Empleados en <a href=\"https:\/\/www.a-star.edu.sg\/\" data-type=\"link\" data-id=\"https:\/\/www.a-star.edu.sg\/\" target=\"_blank\" rel=\"noopener\">Agencia de Ciencia, Tecnolog\u00eda e Investigaci\u00f3n (A*STAR)<\/a><\/h3>\n\n\n\n<p>Hiroshi Limmell ha realizado importantes contribuciones al campo del bienestar de los empleados en el sector de los servicios p\u00fablicos, utilizando su formaci\u00f3n period\u00edstica en Channel NewsAsia para obtener informaci\u00f3n sobre las preocupaciones empresariales y p\u00fablicas, que abordan las lagunas en las estrategias de salud mental. Su iniciativa de establecer un programa de apoyo entre iguales y de formaci\u00f3n en salud mental en el lugar de trabajo, que comenz\u00f3 en 2017, demuestra su compromiso con la mejora de los entornos laborales. El Programa de Embajadores del Bienestar ha experimentado un cambio positivo en el bienestar del personal en diversas entidades, fomentando una comunidad de apoyo en el lugar de trabajo, que comenz\u00f3 modestamente y se ha convertido en un esfuerzo de toda la organizaci\u00f3n, lo que refleja la capacidad de Hiroshi para movilizar e inspirar la acci\u00f3n dentro del servicio p\u00fablico.<\/p>\n\n\n\n<p>La participaci\u00f3n de Hiroshi en la creaci\u00f3n del primer Informe sobre Bienestar es un esfuerzo notable que pone de manifiesto su capacidad para trabajar en colaboraci\u00f3n con las partes interesadas de diversos institutos de investigaci\u00f3n y altos directivos. Esta colaboraci\u00f3n ha dado lugar a la puesta en marcha de varias iniciativas destinadas a mejorar el bienestar de los empleados, como la formaci\u00f3n en habilidades interpersonales para directivos, la formaci\u00f3n de clubes sociales y la difusi\u00f3n de recursos sobre bienestar. Estas iniciativas, aunque de gran impacto, representan una parte de un esfuerzo mayor para abordar la salud mental en el lugar de trabajo, lo que indica que hay margen para el desarrollo y la mejora continuos.<\/p>\n\n\n\n<p>Hiroshi celebr\u00f3 el D\u00eda Mundial de la Salud Mental con \u201cEl experimento del contacto visual\u201d, dirigido por voluntarios. Esta novedosa iniciativa social puso de relieve el valor de las conexiones interpersonales positivas y atrajo la atenci\u00f3n de toda la organizaci\u00f3n. Los datos del experimento dieron lugar a un art\u00edculo que pon\u00eda de relieve la necesidad de la conexi\u00f3n humana y el modo en que una conexi\u00f3n genuina aumenta la sensaci\u00f3n de bienestar y optimismo. El \u00e9xito de este experimento pretende impulsar la concienciaci\u00f3n sobre la salud mental y fomentar un entorno laboral m\u00e1s conectado. El trabajo de Hiroshi ha tenido sin duda una repercusi\u00f3n positiva y goza de reconocimiento en el sector de los servicios p\u00fablicos; forma parte de un movimiento m\u00e1s amplio para mejorar el bienestar de los empleados. Sus contribuciones, por significativas que sean, representan pasos hacia un objetivo m\u00e1s amplio de transformaci\u00f3n de la salud mental en el lugar de trabajo. Este retrato reconoce los esfuerzos y logros de Hiroshi en una escala m\u00e1s equilibrada, apreciando sus contribuciones y reconociendo al mismo tiempo el esfuerzo colectivo que supone avanzar en el bienestar de los empleados.<\/p>\n\n\n\n<p>Hiroshi tambi\u00e9n es ponente en <a href=\"https:\/\/beyondactiv.com\/events\/es\/world\/\" data-type=\"link\" data-id=\"https:\/\/beyondactiv.com\/events\/world\/\">M\u00e1s all\u00e1 de Activ World<\/a> en Singapur.<\/p>","protected":false},"excerpt":{"rendered":"<p>Director Adjunto Senior, Compromiso y Bienestar de los Empleados<\/p>\n<h5>Agencia de Ciencia, Tecnolog\u00eda e Investigaci\u00f3n (A*STAR)<\/h5>","protected":false},"featured_media":45846,"template":"","speakers-type":[60],"class_list":["post-45842","all_speakers","type-all_speakers","status-publish","has-post-thumbnail","hentry","speakers-type-world-speakers"],"blocksy_meta":[],"_links":{"self":[{"href":"https:\/\/beyondactiv.com\/events\/es\/wp-json\/wp\/v2\/all_speakers\/45842","targetHints":{"allow":["GET"]}}],"collection":[{"href":"https:\/\/beyondactiv.com\/events\/es\/wp-json\/wp\/v2\/all_speakers"}],"about":[{"href":"https:\/\/beyondactiv.com\/events\/es\/wp-json\/wp\/v2\/types\/all_speakers"}],"wp:featuredmedia":[{"embeddable":true,"href":"https:\/\/beyondactiv.com\/events\/es\/wp-json\/wp\/v2\/media\/45846"}],"wp:attachment":[{"href":"https:\/\/beyondactiv.com\/events\/es\/wp-json\/wp\/v2\/media?parent=45842"}],"wp:term":[{"taxonomy":"speakers-type","embeddable":true,"href":"https:\/\/beyondactiv.com\/events\/es\/wp-json\/wp\/v2\/speakers-type?post=45842"}],"curies":[{"name":"wp","href":"https:\/\/api.w.org\/{rel}","templated":true}]}}

<h3 class="wp-block-heading">Hiroshi Limmell es Director Adjunto Senior de Compromiso y Bienestar de los Empleados en <a href="https://www.a-star.edu.sg/" data-type="link" data-id="https://www.a-star.edu.sg/" target="_blank" rel="noopener">Agencia de Ciencia, Tecnología e Investigación (A*STAR)</a></h3>



<p>Hiroshi Limmell ha realizado importantes contribuciones al campo del bienestar de los empleados en el sector de los servicios públicos, utilizando su formación periodística en Channel NewsAsia para obtener información sobre las preocupaciones empresariales y públicas, que abordan las lagunas en las estrategias de salud mental. Su iniciativa de establecer un programa de apoyo entre iguales y de formación en salud mental en el lugar de trabajo, que comenzó en 2017, demuestra su compromiso con la mejora de los entornos laborales. El Programa de Embajadores del Bienestar ha experimentado un cambio positivo en el bienestar del personal en diversas entidades, fomentando una comunidad de apoyo en el lugar de trabajo, que comenzó modestamente y se ha convertido en un esfuerzo de toda la organización, lo que refleja la capacidad de Hiroshi para movilizar e inspirar la acción dentro del servicio público.</p>



<p>La participación de Hiroshi en la creación del primer Informe sobre Bienestar es un esfuerzo notable que pone de manifiesto su capacidad para trabajar en colaboración con las partes interesadas de diversos institutos de investigación y altos directivos. Esta colaboración ha dado lugar a la puesta en marcha de varias iniciativas destinadas a mejorar el bienestar de los empleados, como la formación en habilidades interpersonales para directivos, la formación de clubes sociales y la difusión de recursos sobre bienestar. Estas iniciativas, aunque de gran impacto, representan una parte de un esfuerzo mayor para abordar la salud mental en el lugar de trabajo, lo que indica que hay margen para el desarrollo y la mejora continuos.</p>



<p>Hiroshi celebró el Día Mundial de la Salud Mental con “El experimento del contacto visual”, dirigido por voluntarios. Esta novedosa iniciativa social puso de relieve el valor de las conexiones interpersonales positivas y atrajo la atención de toda la organización. Los datos del experimento dieron lugar a un artículo que ponía de relieve la necesidad de la conexión humana y el modo en que una conexión genuina aumenta la sensación de bienestar y optimismo. El éxito de este experimento pretende impulsar la concienciación sobre la salud mental y fomentar un entorno laboral más conectado. El trabajo de Hiroshi ha tenido sin duda una repercusión positiva y goza de reconocimiento en el sector de los servicios públicos; forma parte de un movimiento más amplio para mejorar el bienestar de los empleados. Sus contribuciones, por significativas que sean, representan pasos hacia un objetivo más amplio de transformación de la salud mental en el lugar de trabajo. Este retrato reconoce los esfuerzos y logros de Hiroshi en una escala más equilibrada, apreciando sus contribuciones y reconociendo al mismo tiempo el esfuerzo colectivo que supone avanzar en el bienestar de los empleados.</p>



<p>Hiroshi también es ponente en <a href="https://beyondactiv.com/events/es/world/" data-type="link" data-id="https://beyondactiv.com/events/world/">Más allá de Activ World</a> en Singapur.</p>

<p>Director Adjunto Senior, Compromiso y Bienestar de los Empleados</p>
<h5>Agencia de Ciencia, Tecnología e Investigación (A*STAR)</h5>
