{"id":4545,"date":"2021-09-02T16:59:16","date_gmt":"2021-09-02T08:59:16","guid":{"rendered":"https:\/\/wp.thefitsummit.com\/?post_type=all_speakers&amp;p=4545"},"modified":"2021-09-02T16:59:16","modified_gmt":"2021-09-02T08:59:16","slug":"franck-meunier","status":"publish","type":"all_speakers","link":"https:\/\/beyondactiv.com\/events\/es\/speakers\/franck-meunier\/","title":{"rendered":"Franck Meunier"},"content":{"rendered":"<p>Franck cuenta con m\u00e1s de 20 a\u00f1os de experiencia en el desarrollo de negocios y en el r\u00e1pido desarrollo de canales de negocio nacionales e internacionales. En su puesto actual como Vicepresidente Senior de Estrategia y Desarrollo de Negocio en TITLE Boxing Club, supervisa la evaluaci\u00f3n de nuevos mercados y las oportunidades de desarrollo, reclutando y evaluando socios de franquicia nacionales y franquiciados maestros internacionales. A Franck le apasiona impulsar el r\u00e1pido crecimiento de la marca m\u00e1s all\u00e1 de Estados Unidos e impulsar su presencia en todo el mundo.<\/p>\n\n\n\n<p>Antes de trabajar para TITLE Boxing Club, Franck estuvo en Orangetheory, donde evalu\u00f3 los objetivos del mercado internacional, reclut\u00f3 y gestion\u00f3 Master Franquiciados, Franck tambi\u00e9n dirigi\u00f3 el departamento internacional de Pacific Cycle, Inc, gestionando la red internacional de 50 distribuidores internacionales en m\u00e1s de 20 pa\u00edses, e inici\u00f3 y gestion\u00f3 las estrategias de ventas y marketing para las l\u00edneas de productos de consumo de marca con cuentas clave internacionales. Franck ha vivido en Francia, Espa\u00f1a, Dinamarca, Canad\u00e1 y EE.UU. y es licenciado en Gesti\u00f3n Internacional de Empresas y Gesti\u00f3n Internacional en un Entorno Multicultural. Franck es miembro del Comit\u00e9 Internacional de la IFA.<\/p>","protected":false},"excerpt":{"rendered":"<p>Senior Vice President, International Strategy &#038; Business Development<\/p>\n<h5>TITLE Boxing Club<\/p>\n<h5>","protected":false},"featured_media":35477,"template":"","speakers-type":[17,10,7],"class_list":["post-4545","all_speakers","type-all_speakers","status-publish","has-post-thumbnail","hentry","speakers-type-2023-world-speakers-2","speakers-type-advisor-committee","speakers-type-leadership-partner"],"blocksy_meta":{"styles_descriptor":{"styles":{"desktop":"","tablet":"","mobile":""},"google_fonts":[],"version":6}},"_links":{"self":[{"href":"https:\/\/beyondactiv.com\/events\/es\/wp-json\/wp\/v2\/all_speakers\/4545","targetHints":{"allow":["GET"]}}],"collection":[{"href":"https:\/\/beyondactiv.com\/events\/es\/wp-json\/wp\/v2\/all_speakers"}],"about":[{"href":"https:\/\/beyondactiv.com\/events\/es\/wp-json\/wp\/v2\/types\/all_speakers"}],"wp:featuredmedia":[{"embeddable":true,"href":"https:\/\/beyondactiv.com\/events\/es\/wp-json\/wp\/v2\/media\/35477"}],"wp:attachment":[{"href":"https:\/\/beyondactiv.com\/events\/es\/wp-json\/wp\/v2\/media?parent=4545"}],"wp:term":[{"taxonomy":"speakers-type","embeddable":true,"href":"https:\/\/beyondactiv.com\/events\/es\/wp-json\/wp\/v2\/speakers-type?post=4545"}],"curies":[{"name":"wp","href":"https:\/\/api.w.org\/{rel}","templated":true}]}}

<p>Franck cuenta con más de 20 años de experiencia en el desarrollo de negocios y en el rápido desarrollo de canales de negocio nacionales e internacionales. En su puesto actual como Vicepresidente Senior de Estrategia y Desarrollo de Negocio en TITLE Boxing Club, supervisa la evaluación de nuevos mercados y las oportunidades de desarrollo, reclutando y evaluando socios de franquicia nacionales y franquiciados maestros internacionales. A Franck le apasiona impulsar el rápido crecimiento de la marca más allá de Estados Unidos e impulsar su presencia en todo el mundo.</p>



<p>Antes de trabajar para TITLE Boxing Club, Franck estuvo en Orangetheory, donde evaluó los objetivos del mercado internacional, reclutó y gestionó Master Franquiciados, Franck también dirigió el departamento internacional de Pacific Cycle, Inc, gestionando la red internacional de 50 distribuidores internacionales en más de 20 países, e inició y gestionó las estrategias de ventas y marketing para las líneas de productos de consumo de marca con cuentas clave internacionales. Franck ha vivido en Francia, España, Dinamarca, Canadá y EE.UU. y es licenciado en Gestión Internacional de Empresas y Gestión Internacional en un Entorno Multicultural. Franck es miembro del Comité Internacional de la IFA.</p>
