{"id":44878,"date":"2024-01-22T11:27:03","date_gmt":"2024-01-22T03:27:03","guid":{"rendered":"https:\/\/beyondactiv.com\/events\/?post_type=all_speakers&#038;p=44878"},"modified":"2024-11-22T14:11:51","modified_gmt":"2024-11-22T06:11:51","slug":"karl-foster","status":"publish","type":"all_speakers","link":"https:\/\/beyondactiv.com\/events\/es\/speakers\/karl-foster\/","title":{"rendered":"Karl Foster"},"content":{"rendered":"<h3 class=\"wp-block-heading\">Karl Foster es actualmente Director de Tecnolog\u00eda e Innovaci\u00f3n (CTIO) en <a href=\"https:\/\/gymnation.com\/\" data-type=\"link\" data-id=\"https:\/\/gymnation.com\/\" target=\"_blank\" rel=\"noopener\">GymNation<\/a>.<\/h3>\n\n\n\n<p>Comenz\u00f3 su carrera en el sector del fitness hace 15 a\u00f1os sobre el terreno como entrenador personal, sentando unas bases s\u00f3lidas para su trabajo futuro. Su trayectoria profesional dio un giro tecnol\u00f3gicamente innovador, situ\u00e1ndolo a la vanguardia de la integraci\u00f3n de la arquitectura de datos, el aprendizaje autom\u00e1tico y la inteligencia artificial en el sector del fitness. Su experiencia, perfeccionada inicialmente en el desarrollo de sistemas algor\u00edtmicos de IA para activos digitales en el mundo financiero, ha evolucionado a lo largo de seis a\u00f1os hacia la creaci\u00f3n de sistemas avanzados de inteligencia empresarial e IA para el sector del fitness comercial, impulsando el impacto en todas las \u00e1reas operativas, pero especialmente en la retenci\u00f3n, la personalizaci\u00f3n y la excelencia en el servicio al cliente.<\/p>\n\n\n\n<p>Firme creyente en el poder de la toma de decisiones basada en datos y en la inteligencia artificial para optimizar el futuro y mejorar la industria del fitness, Karl est\u00e1 encantado de compartir sus ideas sobre la sinergia entre tecnolog\u00eda y fitness en <a href=\"https:\/\/beyondactiv.com\/events\/es\/emea\/\" data-type=\"link\" data-id=\"https:\/\/beyondactiv.com\/events\/emea\/\">M\u00e1s all\u00e1 de Activ EMEA<\/a>.<\/p>","protected":false},"excerpt":{"rendered":"<p>Karl Foster is currently serving as the Chief Technology &amp; Innovation Officer (CTIO) at GymNation. He began his career in the fitness industry 15 years ago on the ground as a personal trainer, laying a strong foundation for his future work. His career path took a technologically innovative turn, positioning him at the forefront of [&hellip;]<\/p>\n","protected":false},"featured_media":44879,"template":"","speakers-type":[24,64],"class_list":["post-44878","all_speakers","type-all_speakers","status-publish","has-post-thumbnail","hentry","speakers-type-2024-emea-speakers","speakers-type-2025-emea-speaker"],"blocksy_meta":[],"_links":{"self":[{"href":"https:\/\/beyondactiv.com\/events\/es\/wp-json\/wp\/v2\/all_speakers\/44878","targetHints":{"allow":["GET"]}}],"collection":[{"href":"https:\/\/beyondactiv.com\/events\/es\/wp-json\/wp\/v2\/all_speakers"}],"about":[{"href":"https:\/\/beyondactiv.com\/events\/es\/wp-json\/wp\/v2\/types\/all_speakers"}],"wp:featuredmedia":[{"embeddable":true,"href":"https:\/\/beyondactiv.com\/events\/es\/wp-json\/wp\/v2\/media\/44879"}],"wp:attachment":[{"href":"https:\/\/beyondactiv.com\/events\/es\/wp-json\/wp\/v2\/media?parent=44878"}],"wp:term":[{"taxonomy":"speakers-type","embeddable":true,"href":"https:\/\/beyondactiv.com\/events\/es\/wp-json\/wp\/v2\/speakers-type?post=44878"}],"curies":[{"name":"wp","href":"https:\/\/api.w.org\/{rel}","templated":true}]}}

<h3 class="wp-block-heading">Karl Foster es actualmente Director de Tecnología e Innovación (CTIO) en <a href="https://gymnation.com/" data-type="link" data-id="https://gymnation.com/" target="_blank" rel="noopener">GymNation</a>.</h3>



<p>Comenzó su carrera en el sector del fitness hace 15 años sobre el terreno como entrenador personal, sentando unas bases sólidas para su trabajo futuro. Su trayectoria profesional dio un giro tecnológicamente innovador, situándolo a la vanguardia de la integración de la arquitectura de datos, el aprendizaje automático y la inteligencia artificial en el sector del fitness. Su experiencia, perfeccionada inicialmente en el desarrollo de sistemas algorítmicos de IA para activos digitales en el mundo financiero, ha evolucionado a lo largo de seis años hacia la creación de sistemas avanzados de inteligencia empresarial e IA para el sector del fitness comercial, impulsando el impacto en todas las áreas operativas, pero especialmente en la retención, la personalización y la excelencia en el servicio al cliente.</p>



<p>Firme creyente en el poder de la toma de decisiones basada en datos y en la inteligencia artificial para optimizar el futuro y mejorar la industria del fitness, Karl está encantado de compartir sus ideas sobre la sinergia entre tecnología y fitness en <a href="https://beyondactiv.com/events/es/emea/" data-type="link" data-id="https://beyondactiv.com/events/emea/">Más allá de Activ EMEA</a>.</p>
