{"id":44242,"date":"2023-12-26T13:07:21","date_gmt":"2023-12-26T05:07:21","guid":{"rendered":"https:\/\/beyondactiv.com\/events\/?post_type=all_speakers&#038;p=44242"},"modified":"2026-02-09T15:16:43","modified_gmt":"2026-02-09T07:16:43","slug":"abdulmohsen-al-babtain","status":"publish","type":"all_speakers","link":"https:\/\/beyondactiv.com\/events\/es\/speakers\/abdulmohsen-al-babtain\/","title":{"rendered":"Abdulmohsen Al-Babtain"},"content":{"rendered":"<h3 class=\"wp-block-heading\">Abdulmohsen Al Babtain es CEO de <a href=\"https:\/\/www.sparkathletic.com\/\" target=\"_blank\" rel=\"noopener\">Centro Atl\u00e9tico Spark<\/a>.<\/h3>\n\n\n\n<p>Abdulmohsen no planeaba dedicarse a la salud y el bienestar como profesi\u00f3n, pero hoy lo encuentra en el centro de su cartera de intereses empresariales. Adem\u00e1s de su cargo como CEO de GroupXen, empresa que opera bajo el paraguas de Al Babtain Group, el negocio familiar, tambi\u00e9n dirige dos empresas propias, Sidekick Academy y Spark Athletic Center (donde tambi\u00e9n es entrenador profesional). Anteriormente, el Sr. Al Babtain trabaj\u00f3 en una empresa de inversiones y contin\u00faa participando activamente en el desarrollo general del negocio familiar.<\/p>\n\n\n\n<p>Abdulmohsen tambi\u00e9n es ponente en <a href=\"https:\/\/beyondactiv.com\/events\/es\/emea\/\">M\u00e1s all\u00e1 de Activ EMEA<\/a> en Riad (Arabia Saud\u00ed).<\/p>","protected":false},"excerpt":{"rendered":"<p>Abdulmohsen Al Babtain is CEO of Spark Athletic Center. Abdulmohsen didn\u2019t plan on getting into health and fitness as a career, but today he finds it at the center of his portfolio of business interests. In addition to his role as CEO of GroupXen \u2014 a company that runs under the umbrella of Al Babtain [&hellip;]<\/p>\n","protected":false},"featured_media":44243,"template":"","speakers-type":[24,64],"class_list":["post-44242","all_speakers","type-all_speakers","status-publish","has-post-thumbnail","hentry","speakers-type-2024-emea-speakers","speakers-type-2025-emea-speaker"],"blocksy_meta":[],"_links":{"self":[{"href":"https:\/\/beyondactiv.com\/events\/es\/wp-json\/wp\/v2\/all_speakers\/44242","targetHints":{"allow":["GET"]}}],"collection":[{"href":"https:\/\/beyondactiv.com\/events\/es\/wp-json\/wp\/v2\/all_speakers"}],"about":[{"href":"https:\/\/beyondactiv.com\/events\/es\/wp-json\/wp\/v2\/types\/all_speakers"}],"wp:featuredmedia":[{"embeddable":true,"href":"https:\/\/beyondactiv.com\/events\/es\/wp-json\/wp\/v2\/media\/44243"}],"wp:attachment":[{"href":"https:\/\/beyondactiv.com\/events\/es\/wp-json\/wp\/v2\/media?parent=44242"}],"wp:term":[{"taxonomy":"speakers-type","embeddable":true,"href":"https:\/\/beyondactiv.com\/events\/es\/wp-json\/wp\/v2\/speakers-type?post=44242"}],"curies":[{"name":"wp","href":"https:\/\/api.w.org\/{rel}","templated":true}]}}

<h3 class="wp-block-heading">Abdulmohsen Al Babtain es CEO de <a href="https://www.sparkathletic.com/" target="_blank" rel="noopener">Centro Atlético Spark</a>.</h3>



<p>Abdulmohsen no planeaba dedicarse a la salud y el bienestar como profesión, pero hoy lo encuentra en el centro de su cartera de intereses empresariales. Además de su cargo como CEO de GroupXen, empresa que opera bajo el paraguas de Al Babtain Group, el negocio familiar, también dirige dos empresas propias, Sidekick Academy y Spark Athletic Center (donde también es entrenador profesional). Anteriormente, el Sr. Al Babtain trabajó en una empresa de inversiones y continúa participando activamente en el desarrollo general del negocio familiar.</p>



<p>Abdulmohsen también es ponente en <a href="https://beyondactiv.com/events/es/emea/">Más allá de Activ EMEA</a> en Riad (Arabia Saudí).</p>
