{"id":44084,"date":"2023-12-19T11:29:03","date_gmt":"2023-12-19T03:29:03","guid":{"rendered":"https:\/\/beyondactiv.com\/events\/?post_type=all_speakers&#038;p=44084"},"modified":"2024-01-25T17:00:45","modified_gmt":"2024-01-25T09:00:45","slug":"ray-qudos","status":"publish","type":"all_speakers","link":"https:\/\/beyondactiv.com\/events\/es\/speakers\/ray-qudos\/","title":{"rendered":"Ray Qudos"},"content":{"rendered":"<h3 class=\"wp-block-heading\">Ray Qudos es Director de Marketing interino de <a href=\"https:\/\/rdxsports.com\/\" data-type=\"link\" data-id=\"https:\/\/rdxsports.com\/\" target=\"_blank\" rel=\"noopener\">RDX Deportes<\/a> y consultor en Marketing Digital y eCommerce.<\/h3>\n\n\n\n<p>Con 15 a\u00f1os de experiencia en la creaci\u00f3n de marcas directas al consumidor de r\u00e1pido crecimiento y alta velocidad, Ray comprende la importancia de elaborar las estrategias de marketing y los mensajes adecuados para llegar al p\u00fablico objetivo. A menudo compitiendo contra marcas globales bien establecidas con presupuestos de $billones, Ray ha logrado incre\u00edbles resultados de marketing, utilizando campa\u00f1as integradas, virales e impulsadas por la audiencia. Reforzando el adagio de que el ingenio, la creatividad y la pasi\u00f3n, a menudo superan a los grandes presupuestos. Ray ha sido ponente para Amazon, el Ministerio de Comercio y Empresa del Reino Unido, las C\u00e1maras de Comercio Internacionales y varias conferencias locales e internacionales.<\/p>\n\n\n\n<p>Ray tambi\u00e9n es ponente en <a href=\"https:\/\/beyondactiv.com\/events\/es\/emea\/\">M\u00e1s all\u00e1 de Activ EMEA<\/a> en Riad (Arabia Saud\u00ed).<\/p>","protected":false},"excerpt":{"rendered":"<p>OCM interino<\/p>\n<h5>RDX Deportes<\/h5>","protected":false},"featured_media":45062,"template":"","speakers-type":[24],"class_list":["post-44084","all_speakers","type-all_speakers","status-publish","has-post-thumbnail","hentry","speakers-type-2024-emea-speakers"],"blocksy_meta":[],"_links":{"self":[{"href":"https:\/\/beyondactiv.com\/events\/es\/wp-json\/wp\/v2\/all_speakers\/44084","targetHints":{"allow":["GET"]}}],"collection":[{"href":"https:\/\/beyondactiv.com\/events\/es\/wp-json\/wp\/v2\/all_speakers"}],"about":[{"href":"https:\/\/beyondactiv.com\/events\/es\/wp-json\/wp\/v2\/types\/all_speakers"}],"wp:featuredmedia":[{"embeddable":true,"href":"https:\/\/beyondactiv.com\/events\/es\/wp-json\/wp\/v2\/media\/45062"}],"wp:attachment":[{"href":"https:\/\/beyondactiv.com\/events\/es\/wp-json\/wp\/v2\/media?parent=44084"}],"wp:term":[{"taxonomy":"speakers-type","embeddable":true,"href":"https:\/\/beyondactiv.com\/events\/es\/wp-json\/wp\/v2\/speakers-type?post=44084"}],"curies":[{"name":"wp","href":"https:\/\/api.w.org\/{rel}","templated":true}]}}

<h3 class="wp-block-heading">Ray Qudos es Director de Marketing interino de <a href="https://rdxsports.com/" data-type="link" data-id="https://rdxsports.com/" target="_blank" rel="noopener">RDX Deportes</a> y consultor en Marketing Digital y eCommerce.</h3>



<p>Con 15 años de experiencia en la creación de marcas directas al consumidor de rápido crecimiento y alta velocidad, Ray comprende la importancia de elaborar las estrategias de marketing y los mensajes adecuados para llegar al público objetivo. A menudo compitiendo contra marcas globales bien establecidas con presupuestos de $billones, Ray ha logrado increíbles resultados de marketing, utilizando campañas integradas, virales e impulsadas por la audiencia. Reforzando el adagio de que el ingenio, la creatividad y la pasión, a menudo superan a los grandes presupuestos. Ray ha sido ponente para Amazon, el Ministerio de Comercio y Empresa del Reino Unido, las Cámaras de Comercio Internacionales y varias conferencias locales e internacionales.</p>



<p>Ray también es ponente en <a href="https://beyondactiv.com/events/es/emea/">Más allá de Activ EMEA</a> en Riad (Arabia Saudí).</p>
