{"id":4351,"date":"2021-08-24T17:51:43","date_gmt":"2021-08-24T09:51:43","guid":{"rendered":"https:\/\/wp.thefitsummit.com\/?post_type=all_speakers&amp;p=4351"},"modified":"2021-08-24T17:51:43","modified_gmt":"2021-08-24T09:51:43","slug":"aldina-duarte-ramos","status":"publish","type":"all_speakers","link":"https:\/\/beyondactiv.com\/events\/es\/speakers\/aldina-duarte-ramos\/","title":{"rendered":"Aldina Duarte Ramos"},"content":{"rendered":"<p>Aldina es estratega del Oc\u00e9ano Azul y se centra en la ejecuci\u00f3n de estrategias, la innovaci\u00f3n y la integraci\u00f3n de conceptos. L\u00edder visionaria, tambi\u00e9n es conocida por su experiencia en proyectos de bienestar de alto nivel en todo el mundo. Aldina tiene una misi\u00f3n: la democratizaci\u00f3n del bienestar. Desde 2014, su visi\u00f3n de una experiencia de bienestar orientada al cliente y adaptada al sector hotelero se ha incorporado a Accor y ahora se est\u00e1 implementando y mejorando en toda la red. Aldina es tambi\u00e9n Presidenta de la Asociaci\u00f3n Francesa de Balnearios y ex Presidenta de la Comisi\u00f3n de Turismo de Bienestar de Francia. Aldina es licenciada en Comercio Internacional por la Sorbona de Par\u00eds IV y en Ciencias Pol\u00edticas por Par\u00eds X Nanterre y la Facultad de Ciencias Pol\u00edticas de Pav\u00eda (Italia).<\/p>","protected":false},"excerpt":{"rendered":"<p>Director Global de Bienestar - Marcas de Lujo<\/p>\n<h5>Accor<\/h5>","protected":false},"featured_media":35513,"template":"","speakers-type":[11],"class_list":["post-4351","all_speakers","type-all_speakers","status-publish","has-post-thumbnail","hentry","speakers-type-apac-speakers"],"blocksy_meta":{"styles_descriptor":{"styles":{"desktop":"","tablet":"","mobile":""},"google_fonts":[],"version":6}},"_links":{"self":[{"href":"https:\/\/beyondactiv.com\/events\/es\/wp-json\/wp\/v2\/all_speakers\/4351","targetHints":{"allow":["GET"]}}],"collection":[{"href":"https:\/\/beyondactiv.com\/events\/es\/wp-json\/wp\/v2\/all_speakers"}],"about":[{"href":"https:\/\/beyondactiv.com\/events\/es\/wp-json\/wp\/v2\/types\/all_speakers"}],"wp:featuredmedia":[{"embeddable":true,"href":"https:\/\/beyondactiv.com\/events\/es\/wp-json\/wp\/v2\/media\/35513"}],"wp:attachment":[{"href":"https:\/\/beyondactiv.com\/events\/es\/wp-json\/wp\/v2\/media?parent=4351"}],"wp:term":[{"taxonomy":"speakers-type","embeddable":true,"href":"https:\/\/beyondactiv.com\/events\/es\/wp-json\/wp\/v2\/speakers-type?post=4351"}],"curies":[{"name":"wp","href":"https:\/\/api.w.org\/{rel}","templated":true}]}}

<p>Aldina es estratega del Océano Azul y se centra en la ejecución de estrategias, la innovación y la integración de conceptos. Líder visionaria, también es conocida por su experiencia en proyectos de bienestar de alto nivel en todo el mundo. Aldina tiene una misión: la democratización del bienestar. Desde 2014, su visión de una experiencia de bienestar orientada al cliente y adaptada al sector hotelero se ha incorporado a Accor y ahora se está implementando y mejorando en toda la red. Aldina es también Presidenta de la Asociación Francesa de Balnearios y ex Presidenta de la Comisión de Turismo de Bienestar de Francia. Aldina es licenciada en Comercio Internacional por la Sorbona de París IV y en Ciencias Políticas por París X Nanterre y la Facultad de Ciencias Políticas de Pavía (Italia).</p>
