{"id":4341,"date":"2021-08-24T16:29:06","date_gmt":"2021-08-24T08:29:06","guid":{"rendered":"https:\/\/wp.thefitsummit.com\/?post_type=all_speakers&amp;p=4341"},"modified":"2021-08-24T16:29:06","modified_gmt":"2021-08-24T08:29:06","slug":"sam-aldred","status":"publish","type":"all_speakers","link":"https:\/\/beyondactiv.com\/events\/es\/speakers\/sam-aldred\/","title":{"rendered":"Sam Aldred"},"content":{"rendered":"<p>Sam Aldred es el nuevo Director de APAC para Wexer y no es ajeno a la industria del fitness, uni\u00e9ndose a Wexer desde Les Mills International, donde dirigi\u00f3 el equipo de Productos Virtuales. Ha trabajado en medios digitales a lo largo de su carrera, dirigiendo negocios de v\u00eddeo digital y medios de comunicaci\u00f3n en (entre otros) los gigantes mundiales Samsung y Vodafone. Esto le da una perspectiva fresca y una visi\u00f3n de los retos a los que se enfrenta la industria y la direcci\u00f3n que queda por delante. Con base en Auckland, Sam se encargar\u00e1 del crecimiento del negocio de Wexer APAC y de ampliar el equipo local para dar servicio y apoyo a la regi\u00f3n.<\/p>","protected":false},"excerpt":{"rendered":"<p>Director de APAC<\/p>\n<h5>Wexer<\/h5>","protected":false},"featured_media":35516,"template":"","speakers-type":[11,7],"class_list":["post-4341","all_speakers","type-all_speakers","status-publish","has-post-thumbnail","hentry","speakers-type-apac-speakers","speakers-type-leadership-partner"],"blocksy_meta":{"styles_descriptor":{"styles":{"desktop":"","tablet":"","mobile":""},"google_fonts":[],"version":6}},"_links":{"self":[{"href":"https:\/\/beyondactiv.com\/events\/es\/wp-json\/wp\/v2\/all_speakers\/4341","targetHints":{"allow":["GET"]}}],"collection":[{"href":"https:\/\/beyondactiv.com\/events\/es\/wp-json\/wp\/v2\/all_speakers"}],"about":[{"href":"https:\/\/beyondactiv.com\/events\/es\/wp-json\/wp\/v2\/types\/all_speakers"}],"wp:featuredmedia":[{"embeddable":true,"href":"https:\/\/beyondactiv.com\/events\/es\/wp-json\/wp\/v2\/media\/35516"}],"wp:attachment":[{"href":"https:\/\/beyondactiv.com\/events\/es\/wp-json\/wp\/v2\/media?parent=4341"}],"wp:term":[{"taxonomy":"speakers-type","embeddable":true,"href":"https:\/\/beyondactiv.com\/events\/es\/wp-json\/wp\/v2\/speakers-type?post=4341"}],"curies":[{"name":"wp","href":"https:\/\/api.w.org\/{rel}","templated":true}]}}

<p>Sam Aldred es el nuevo Director de APAC para Wexer y no es ajeno a la industria del fitness, uniéndose a Wexer desde Les Mills International, donde dirigió el equipo de Productos Virtuales. Ha trabajado en medios digitales a lo largo de su carrera, dirigiendo negocios de vídeo digital y medios de comunicación en (entre otros) los gigantes mundiales Samsung y Vodafone. Esto le da una perspectiva fresca y una visión de los retos a los que se enfrenta la industria y la dirección que queda por delante. Con base en Auckland, Sam se encargará del crecimiento del negocio de Wexer APAC y de ampliar el equipo local para dar servicio y apoyo a la región.</p>
