{"id":4254,"date":"2021-08-23T16:01:23","date_gmt":"2021-08-23T08:01:23","guid":{"rendered":"https:\/\/wp.thefitsummit.com\/?post_type=all_speakers&amp;p=4254"},"modified":"2021-08-23T16:01:23","modified_gmt":"2021-08-23T08:01:23","slug":"jose-teixeira","status":"publish","type":"all_speakers","link":"https:\/\/beyondactiv.com\/events\/es\/speakers\/jose-teixeira\/","title":{"rendered":"Jos\u00e9 Teixeira"},"content":{"rendered":"<p>Jos\u00e9 Teixeira es el Director de Experiencia del Cliente en SC Fitness - Solinca Classic (22 clubes), Solinca Light (10 clubes) y Element (11 clubes y creciendo). Es responsable de los departamentos de Fitness, Entrenamiento Personal, Nutrici\u00f3n, Actividades Infantiles, Afiliaci\u00f3n, Calidad, Business Intelligence y Omnichannel. Con 20 a\u00f1os de experiencia en la Industria del Fitness como consultor de Ventas, Gerente de Club, Gerente de \u00c1rea y Director de Operaciones, Jos\u00e9 es Co-Autor del libro: \u201cCuadro de Mando Integral. Estrategia y Control de Gesti\u00f3n en Gimnasios y Clubes de Salud\u201d. Es Licenciado en Ciencias del Deporte, especializado en Gesti\u00f3n Deportiva, y actualmente cursa un Doctorado en Gesti\u00f3n Deportiva.<\/p>","protected":false},"excerpt":{"rendered":"<p>Jefe de Experiencia del Cliente<\/p>\n<h5>SC Fitness<\/h5>","protected":false},"featured_media":35537,"template":"","speakers-type":[18,13],"class_list":["post-4254","all_speakers","type-all_speakers","status-publish","has-post-thumbnail","hentry","speakers-type-2023-world-speakers","speakers-type-online-summit-speakers"],"blocksy_meta":{"styles_descriptor":{"styles":{"desktop":"","tablet":"","mobile":""},"google_fonts":[],"version":6}},"_links":{"self":[{"href":"https:\/\/beyondactiv.com\/events\/es\/wp-json\/wp\/v2\/all_speakers\/4254","targetHints":{"allow":["GET"]}}],"collection":[{"href":"https:\/\/beyondactiv.com\/events\/es\/wp-json\/wp\/v2\/all_speakers"}],"about":[{"href":"https:\/\/beyondactiv.com\/events\/es\/wp-json\/wp\/v2\/types\/all_speakers"}],"wp:featuredmedia":[{"embeddable":true,"href":"https:\/\/beyondactiv.com\/events\/es\/wp-json\/wp\/v2\/media\/35537"}],"wp:attachment":[{"href":"https:\/\/beyondactiv.com\/events\/es\/wp-json\/wp\/v2\/media?parent=4254"}],"wp:term":[{"taxonomy":"speakers-type","embeddable":true,"href":"https:\/\/beyondactiv.com\/events\/es\/wp-json\/wp\/v2\/speakers-type?post=4254"}],"curies":[{"name":"wp","href":"https:\/\/api.w.org\/{rel}","templated":true}]}}

José Teixeira

<p>José Teixeira es el Director de Experiencia del Cliente en SC Fitness - Solinca Classic (22 clubes), Solinca Light (10 clubes) y Element (11 clubes y creciendo). Es responsable de los departamentos de Fitness, Entrenamiento Personal, Nutrición, Actividades Infantiles, Afiliación, Calidad, Business Intelligence y Omnichannel. Con 20 años de experiencia en la Industria del Fitness como consultor de Ventas, Gerente de Club, Gerente de Área y Director de Operaciones, José es Co-Autor del libro: “Cuadro de Mando Integral. Estrategia y Control de Gestión en Gimnasios y Clubes de Salud”. Es Licenciado en Ciencias del Deporte, especializado en Gestión Deportiva, y actualmente cursa un Doctorado en Gestión Deportiva.</p>
