{"id":4167,"date":"2021-08-20T15:05:59","date_gmt":"2021-08-20T07:05:59","guid":{"rendered":"https:\/\/wp.thefitsummit.com\/?post_type=all_speakers&amp;p=4167"},"modified":"2021-08-20T15:05:59","modified_gmt":"2021-08-20T07:05:59","slug":"peter-hull","status":"publish","type":"all_speakers","link":"https:\/\/beyondactiv.com\/events\/es\/speakers\/peter-hull\/","title":{"rendered":"Peter Hull"},"content":{"rendered":"<p>Peter es el fundador y director general de Fitstop, una franquicia de fitness funcional l\u00edder, innovadora y de r\u00e1pido crecimiento. Fitstop se ha convertido r\u00e1pidamente en el hogar del fitness funcional, con un prop\u00f3sito basado en influir en la vida de sus miembros a trav\u00e9s de un entrenamiento inspirado en los atletas y basado en pruebas. El inestimable conocimiento de Peter de la din\u00e1mica industria de la salud y el fitness y su experiencia entrenando a atletas de \u00e9lite dieron como resultado el lanzamiento de la franquicia Fitstop en 2017, permitiendo a Peter impactar positivamente en las vidas de los miembros y propietarios de negocios a mayor escala. Apasionado por el rendimiento y la progresi\u00f3n, Peter posicion\u00f3 a Fitstop por delante de la curva invirtiendo significativamente en tecnolog\u00eda y soluciones de compromiso con el cliente para impulsar el rendimiento empresarial. A trav\u00e9s de una tecnolog\u00eda l\u00edder que apoya la experiencia de los miembros, la gesti\u00f3n de los propietarios y el entrenamiento de fuerza y acondicionamiento, la visi\u00f3n de Pete de inspirar a las comunidades a moverse m\u00e1s para vivir m\u00e1s ha cobrado vida. Ahora, Pete y el equipo de Fitstop tienen la misi\u00f3n de crear este mismo impacto en comunidades de todo el mundo.<\/p>","protected":false},"excerpt":{"rendered":"<p>Founder &#038; Global CEO<\/p>\n<h5>Fitstop<\/h5>","protected":false},"featured_media":35558,"template":"","speakers-type":[19,18,11,7,13],"class_list":["post-4167","all_speakers","type-all_speakers","status-publish","has-post-thumbnail","hentry","speakers-type-2023-apac-fest","speakers-type-2023-world-speakers","speakers-type-apac-speakers","speakers-type-leadership-partner","speakers-type-online-summit-speakers"],"blocksy_meta":{"styles_descriptor":{"styles":{"desktop":"","tablet":"","mobile":""},"google_fonts":[],"version":6}},"_links":{"self":[{"href":"https:\/\/beyondactiv.com\/events\/es\/wp-json\/wp\/v2\/all_speakers\/4167","targetHints":{"allow":["GET"]}}],"collection":[{"href":"https:\/\/beyondactiv.com\/events\/es\/wp-json\/wp\/v2\/all_speakers"}],"about":[{"href":"https:\/\/beyondactiv.com\/events\/es\/wp-json\/wp\/v2\/types\/all_speakers"}],"wp:featuredmedia":[{"embeddable":true,"href":"https:\/\/beyondactiv.com\/events\/es\/wp-json\/wp\/v2\/media\/35558"}],"wp:attachment":[{"href":"https:\/\/beyondactiv.com\/events\/es\/wp-json\/wp\/v2\/media?parent=4167"}],"wp:term":[{"taxonomy":"speakers-type","embeddable":true,"href":"https:\/\/beyondactiv.com\/events\/es\/wp-json\/wp\/v2\/speakers-type?post=4167"}],"curies":[{"name":"wp","href":"https:\/\/api.w.org\/{rel}","templated":true}]}}

<p>Peter es el fundador y director general de Fitstop, una franquicia de fitness funcional líder, innovadora y de rápido crecimiento. Fitstop se ha convertido rápidamente en el hogar del fitness funcional, con un propósito basado en influir en la vida de sus miembros a través de un entrenamiento inspirado en los atletas y basado en pruebas. El inestimable conocimiento de Peter de la dinámica industria de la salud y el fitness y su experiencia entrenando a atletas de élite dieron como resultado el lanzamiento de la franquicia Fitstop en 2017, permitiendo a Peter impactar positivamente en las vidas de los miembros y propietarios de negocios a mayor escala. Apasionado por el rendimiento y la progresión, Peter posicionó a Fitstop por delante de la curva invirtiendo significativamente en tecnología y soluciones de compromiso con el cliente para impulsar el rendimiento empresarial. A través de una tecnología líder que apoya la experiencia de los miembros, la gestión de los propietarios y el entrenamiento de fuerza y acondicionamiento, la visión de Pete de inspirar a las comunidades a moverse más para vivir más ha cobrado vida. Ahora, Pete y el equipo de Fitstop tienen la misión de crear este mismo impacto en comunidades de todo el mundo.</p>
