{"id":4113,"date":"2021-08-19T18:44:48","date_gmt":"2021-08-19T10:44:48","guid":{"rendered":"https:\/\/wp.thefitsummit.com\/?post_type=all_speakers&amp;p=4113"},"modified":"2021-08-19T18:44:48","modified_gmt":"2021-08-19T10:44:48","slug":"remi-nodet","status":"publish","type":"all_speakers","link":"https:\/\/beyondactiv.com\/events\/es\/speakers\/remi-nodet\/","title":{"rendered":"R\u00e9mi Nodet"},"content":{"rendered":"<p>R\u00e9mi Nodet es el Consejero Delegado de Exerp, un proveedor de sistemas de gesti\u00f3n de socios que trabaja con algunas de las mayores marcas de gimnasios del mundo y acoge a m\u00e1s de 6 millones de socios en todo el mundo. Nodet lleva en Exerp desde que la empresa empez\u00f3 a desarrollar su plataforma de gesti\u00f3n de socios en 2003 y la conoce al dedillo. En 2005, se convirti\u00f3 en el director de tecnolog\u00eda de la empresa, donde dirigi\u00f3 el desarrollo de la plataforma y los lanzamientos de SATS y PureGym. A pesar de su cargo directivo, Nodet sigue muy involucrado en el proceso de investigaci\u00f3n y desarrollo de la empresa, incluida la resoluci\u00f3n de problemas t\u00e9cnicos y la asistencia ocasional a los equipos de desarrollo.&nbsp;<\/p>","protected":false},"excerpt":{"rendered":"<p>Director General y Socio<\/p>\n<h5>Ejercicio<\/h5>","protected":false},"featured_media":35563,"template":"","speakers-type":[13],"class_list":["post-4113","all_speakers","type-all_speakers","status-publish","has-post-thumbnail","hentry","speakers-type-online-summit-speakers"],"blocksy_meta":{"styles_descriptor":{"styles":{"desktop":"","tablet":"","mobile":""},"google_fonts":[],"version":6}},"_links":{"self":[{"href":"https:\/\/beyondactiv.com\/events\/es\/wp-json\/wp\/v2\/all_speakers\/4113","targetHints":{"allow":["GET"]}}],"collection":[{"href":"https:\/\/beyondactiv.com\/events\/es\/wp-json\/wp\/v2\/all_speakers"}],"about":[{"href":"https:\/\/beyondactiv.com\/events\/es\/wp-json\/wp\/v2\/types\/all_speakers"}],"wp:featuredmedia":[{"embeddable":true,"href":"https:\/\/beyondactiv.com\/events\/es\/wp-json\/wp\/v2\/media\/35563"}],"wp:attachment":[{"href":"https:\/\/beyondactiv.com\/events\/es\/wp-json\/wp\/v2\/media?parent=4113"}],"wp:term":[{"taxonomy":"speakers-type","embeddable":true,"href":"https:\/\/beyondactiv.com\/events\/es\/wp-json\/wp\/v2\/speakers-type?post=4113"}],"curies":[{"name":"wp","href":"https:\/\/api.w.org\/{rel}","templated":true}]}}

Rémi Nodet

<p>Rémi Nodet es el Consejero Delegado de Exerp, un proveedor de sistemas de gestión de socios que trabaja con algunas de las mayores marcas de gimnasios del mundo y acoge a más de 6 millones de socios en todo el mundo. Nodet lleva en Exerp desde que la empresa empezó a desarrollar su plataforma de gestión de socios en 2003 y la conoce al dedillo. En 2005, se convirtió en el director de tecnología de la empresa, donde dirigió el desarrollo de la plataforma y los lanzamientos de SATS y PureGym. A pesar de su cargo directivo, Nodet sigue muy involucrado en el proceso de investigación y desarrollo de la empresa, incluida la resolución de problemas técnicos y la asistencia ocasional a los equipos de desarrollo.&nbsp;</p>
