{"id":40853,"date":"2023-10-03T13:26:56","date_gmt":"2023-10-03T05:26:56","guid":{"rendered":"https:\/\/beyondactiv.com\/events\/?post_type=all_speakers&#038;p=40853"},"modified":"2025-01-15T15:20:52","modified_gmt":"2025-01-15T07:20:52","slug":"robert-louw","status":"publish","type":"all_speakers","link":"https:\/\/beyondactiv.com\/events\/es\/speakers\/robert-louw\/","title":{"rendered":"Robert Louw"},"content":{"rendered":"<h3 class=\"wp-block-heading\">Robert Louw es Chief Growth Officer (CGO) de <a href=\"https:\/\/wexer.com\/\" target=\"_blank\" rel=\"noopener\">Wexer<\/a>. <\/h3>\n\n\n\n<p>Es responsable de todo el proceso de captaci\u00f3n de clientes, liderando las ventas y el marketing y, con ello, el crecimiento global del negocio de Wexer.\u00a0<\/p>\n\n\n\n<p>Defensor apasionado de la misi\u00f3n de Wexer -hacer accesible el bienestar de primera clase a comunidades de todo el mundo-, Robert aprovecha sus 25 a\u00f1os de experiencia y su mentalidad centrada en los socios para ayudar a organizaciones de m\u00faltiples sectores verticales a adoptar la tecnolog\u00eda digital y preparar sus negocios para el futuro. Robert se uni\u00f3 a Wexer hace siete a\u00f1os, pasando por puestos como el de Director Global de Desarrollo de Negocio hasta unirse al equipo directivo de Wexer como Director General en 2021.<\/p>\n\n\n\n<p>Robert es ponente en <a href=\"https:\/\/beyondactiv.com\/events\/es\/emea\/\">M\u00e1s all\u00e1 de Activ EMEA<\/a> en Riad (Arabia Saud\u00ed).<\/p>","protected":false},"excerpt":{"rendered":"<p>Robert Louw is Chief Growth Officer (CGO) for Wexer. He is responsible for the full breadth of the customer acquisition journey, spearheading sales and marketing and with it, the global growth of the Wexer business.\u00a0 A passionate advocate of Wexer\u2019s mission \u2013 to make world-class wellness accessible to communities across the globe \u2013 Robert harnesses [&hellip;]<\/p>\n","protected":false},"featured_media":40854,"template":"","speakers-type":[24,64],"class_list":["post-40853","all_speakers","type-all_speakers","status-publish","has-post-thumbnail","hentry","speakers-type-2024-emea-speakers","speakers-type-2025-emea-speaker"],"blocksy_meta":[],"_links":{"self":[{"href":"https:\/\/beyondactiv.com\/events\/es\/wp-json\/wp\/v2\/all_speakers\/40853","targetHints":{"allow":["GET"]}}],"collection":[{"href":"https:\/\/beyondactiv.com\/events\/es\/wp-json\/wp\/v2\/all_speakers"}],"about":[{"href":"https:\/\/beyondactiv.com\/events\/es\/wp-json\/wp\/v2\/types\/all_speakers"}],"wp:featuredmedia":[{"embeddable":true,"href":"https:\/\/beyondactiv.com\/events\/es\/wp-json\/wp\/v2\/media\/40854"}],"wp:attachment":[{"href":"https:\/\/beyondactiv.com\/events\/es\/wp-json\/wp\/v2\/media?parent=40853"}],"wp:term":[{"taxonomy":"speakers-type","embeddable":true,"href":"https:\/\/beyondactiv.com\/events\/es\/wp-json\/wp\/v2\/speakers-type?post=40853"}],"curies":[{"name":"wp","href":"https:\/\/api.w.org\/{rel}","templated":true}]}}

<h3 class="wp-block-heading">Robert Louw es Chief Growth Officer (CGO) de <a href="https://wexer.com/" target="_blank" rel="noopener">Wexer</a>. </h3>



<p>Es responsable de todo el proceso de captación de clientes, liderando las ventas y el marketing y, con ello, el crecimiento global del negocio de Wexer. </p>



<p>Defensor apasionado de la misión de Wexer -hacer accesible el bienestar de primera clase a comunidades de todo el mundo-, Robert aprovecha sus 25 años de experiencia y su mentalidad centrada en los socios para ayudar a organizaciones de múltiples sectores verticales a adoptar la tecnología digital y preparar sus negocios para el futuro. Robert se unió a Wexer hace siete años, pasando por puestos como el de Director Global de Desarrollo de Negocio hasta unirse al equipo directivo de Wexer como Director General en 2021.</p>



<p>Robert es ponente en <a href="https://beyondactiv.com/events/es/emea/">Más allá de Activ EMEA</a> en Riad (Arabia Saudí).</p>
