{"id":40851,"date":"2023-10-03T13:24:52","date_gmt":"2023-10-03T05:24:52","guid":{"rendered":"https:\/\/beyondactiv.com\/events\/?post_type=all_speakers&#038;p=40851"},"modified":"2024-01-03T15:44:33","modified_gmt":"2024-01-03T07:44:33","slug":"adam-paker","status":"publish","type":"all_speakers","link":"https:\/\/beyondactiv.com\/events\/es\/speakers\/adam-paker\/","title":{"rendered":"Adam Paker"},"content":{"rendered":"<h3 class=\"wp-block-heading\">Adam Paker es socio de <a href=\"https:\/\/portasconsulting.com\/\" target=\"_blank\" rel=\"noopener\">Consultor\u00eda Portas<\/a>. <\/h3>\n\n\n\n<p>Es un experimentado dirigente deportivo con m\u00e1s de 20 a\u00f1os de experiencia trabajando para federaciones nacionales e internacionales, patrocinadores y agencias. Anteriormente fue Director de Marketing de la FIFA, donde gestion\u00f3 los derechos comerciales de dos Copas Mundiales de la FIFA, y Director Ejecutivo de dos federaciones deportivas nacionales brit\u00e1nicas, Commonwealth Games England y Swim England.<\/p>\n\n\n\n<p>Le interesa especialmente Oriente Medio, donde ha vivido en Arabia Saud\u00ed y trabajado en el proyecto de ciudad inteligente NEOM y con varias federaciones deportivas nacionales. Entre las \u00e1reas que apasionan a Adam y en las que es experto se encuentran la estrategia de participaci\u00f3n, el marketing deportivo y el dise\u00f1o urbano activo. Tiene un m\u00e1ster en Lenguas Modernas por la Universidad de Oxford y un MBA de INSEAD.<\/p>\n\n\n\n<p>Adam tambi\u00e9n es ponente en <a href=\"https:\/\/beyondactiv.com\/events\/es\/emea\/\">M\u00e1s all\u00e1 de Activ EMEA <\/a>en Riad (Arabia Saud\u00ed).<br><\/p>","protected":false},"excerpt":{"rendered":"<p>Adam Paker is a Partner at Portas Consulting. He is an experienced leader in sport with over 20 years of experience working for national and international federations, sponsors and agencies. He was formerly a Director of FIFA Marketing, delivering on the commercial rights of two FIFA World Cups, and Chief Executive of two British national [&hellip;]<\/p>\n","protected":false},"featured_media":40852,"template":"","speakers-type":[24],"class_list":["post-40851","all_speakers","type-all_speakers","status-publish","has-post-thumbnail","hentry","speakers-type-2024-emea-speakers"],"blocksy_meta":[],"_links":{"self":[{"href":"https:\/\/beyondactiv.com\/events\/es\/wp-json\/wp\/v2\/all_speakers\/40851","targetHints":{"allow":["GET"]}}],"collection":[{"href":"https:\/\/beyondactiv.com\/events\/es\/wp-json\/wp\/v2\/all_speakers"}],"about":[{"href":"https:\/\/beyondactiv.com\/events\/es\/wp-json\/wp\/v2\/types\/all_speakers"}],"wp:featuredmedia":[{"embeddable":true,"href":"https:\/\/beyondactiv.com\/events\/es\/wp-json\/wp\/v2\/media\/40852"}],"wp:attachment":[{"href":"https:\/\/beyondactiv.com\/events\/es\/wp-json\/wp\/v2\/media?parent=40851"}],"wp:term":[{"taxonomy":"speakers-type","embeddable":true,"href":"https:\/\/beyondactiv.com\/events\/es\/wp-json\/wp\/v2\/speakers-type?post=40851"}],"curies":[{"name":"wp","href":"https:\/\/api.w.org\/{rel}","templated":true}]}}

<h3 class="wp-block-heading">Adam Paker es socio de <a href="https://portasconsulting.com/" target="_blank" rel="noopener">Consultoría Portas</a>. </h3>



<p>Es un experimentado dirigente deportivo con más de 20 años de experiencia trabajando para federaciones nacionales e internacionales, patrocinadores y agencias. Anteriormente fue Director de Marketing de la FIFA, donde gestionó los derechos comerciales de dos Copas Mundiales de la FIFA, y Director Ejecutivo de dos federaciones deportivas nacionales británicas, Commonwealth Games England y Swim England.</p>



<p>Le interesa especialmente Oriente Medio, donde ha vivido en Arabia Saudí y trabajado en el proyecto de ciudad inteligente NEOM y con varias federaciones deportivas nacionales. Entre las áreas que apasionan a Adam y en las que es experto se encuentran la estrategia de participación, el marketing deportivo y el diseño urbano activo. Tiene un máster en Lenguas Modernas por la Universidad de Oxford y un MBA de INSEAD.</p>



<p>Adam también es ponente en <a href="https://beyondactiv.com/events/es/emea/">Más allá de Activ EMEA </a>en Riad (Arabia Saudí).<br></p>
