{"id":3906,"date":"2021-08-16T20:12:57","date_gmt":"2021-08-16T12:12:57","guid":{"rendered":"https:\/\/wp.thefitsummit.com\/?post_type=all_speakers&amp;p=3906"},"modified":"2021-08-16T20:12:57","modified_gmt":"2021-08-16T12:12:57","slug":"vlado-bosanac","status":"publish","type":"all_speakers","link":"https:\/\/beyondactiv.com\/events\/es\/speakers\/vlado-bosanac\/","title":{"rendered":"Vlado Bosanac"},"content":{"rendered":"<p>Sr. Vlado Bosanac, Director General, Myfiziq Ltd Vlado Bosanac, CEO y Co-fundador de MyFiziq, es un emprendedor, asesor y consultor estrat\u00e9gico con m\u00e1s de 25 a\u00f1os de experiencia en capital de riesgo y capital privado. Con una exitosa trayectoria habiendo financiado m\u00e1s de 10 startups y cuenta con una amplia experiencia en empresas p\u00fablicas. Adem\u00e1s, como ex atleta de competici\u00f3n apasionado por la salud y el fitness, vio una brecha en el mercado para una interfaz digital privada que tuviera la capacidad de rastrear los cambios duramente ganados que un atleta lograba a trav\u00e9s de su entrenamiento. Pionero en el uso de los avances en tecnolog\u00eda m\u00f3vil y sus avanzados sistemas de c\u00e1mara para brindar a las personas el \u2019santo grial\u201c de los programas de salud, fitness y p\u00e9rdida de peso, con la capacidad para que los usuarios rastreen f\u00e1cilmente las dimensiones y visualicen sus cambios anat\u00f3micos en tiempo real, a trav\u00e9s de su dispositivo m\u00f3vil, en la palma de su mano y en la comodidad y privacidad de su propio hogar.<\/p>","protected":false},"excerpt":{"rendered":"<p>Fundador y Director Ejecutivo<\/p>\n<h5>MyFiziq<\/h5>","protected":false},"featured_media":35597,"template":"","speakers-type":[12,13],"class_list":["post-3906","all_speakers","type-all_speakers","status-publish","has-post-thumbnail","hentry","speakers-type-awards-judges","speakers-type-online-summit-speakers"],"blocksy_meta":{"styles_descriptor":{"styles":{"desktop":"","tablet":"","mobile":""},"google_fonts":[],"version":6}},"_links":{"self":[{"href":"https:\/\/beyondactiv.com\/events\/es\/wp-json\/wp\/v2\/all_speakers\/3906","targetHints":{"allow":["GET"]}}],"collection":[{"href":"https:\/\/beyondactiv.com\/events\/es\/wp-json\/wp\/v2\/all_speakers"}],"about":[{"href":"https:\/\/beyondactiv.com\/events\/es\/wp-json\/wp\/v2\/types\/all_speakers"}],"wp:featuredmedia":[{"embeddable":true,"href":"https:\/\/beyondactiv.com\/events\/es\/wp-json\/wp\/v2\/media\/35597"}],"wp:attachment":[{"href":"https:\/\/beyondactiv.com\/events\/es\/wp-json\/wp\/v2\/media?parent=3906"}],"wp:term":[{"taxonomy":"speakers-type","embeddable":true,"href":"https:\/\/beyondactiv.com\/events\/es\/wp-json\/wp\/v2\/speakers-type?post=3906"}],"curies":[{"name":"wp","href":"https:\/\/api.w.org\/{rel}","templated":true}]}}

<p>Sr. Vlado Bosanac, Director General, Myfiziq Ltd Vlado Bosanac, CEO y Co-fundador de MyFiziq, es un emprendedor, asesor y consultor estratégico con más de 25 años de experiencia en capital de riesgo y capital privado. Con una exitosa trayectoria habiendo financiado más de 10 startups y cuenta con una amplia experiencia en empresas públicas. Además, como ex atleta de competición apasionado por la salud y el fitness, vio una brecha en el mercado para una interfaz digital privada que tuviera la capacidad de rastrear los cambios duramente ganados que un atleta lograba a través de su entrenamiento. Pionero en el uso de los avances en tecnología móvil y sus avanzados sistemas de cámara para brindar a las personas el ’santo grial“ de los programas de salud, fitness y pérdida de peso, con la capacidad para que los usuarios rastreen fácilmente las dimensiones y visualicen sus cambios anatómicos en tiempo real, a través de su dispositivo móvil, en la palma de su mano y en la comodidad y privacidad de su propio hogar.</p>
