{"id":33733,"date":"2023-08-04T18:10:41","date_gmt":"2023-08-04T10:10:41","guid":{"rendered":"https:\/\/thefitsummit.com\/?post_type=all_speakers&#038;p=33733"},"modified":"2024-08-06T13:29:04","modified_gmt":"2024-08-06T05:29:04","slug":"shaima-saleh-al-husseini","status":"publish","type":"all_speakers","link":"https:\/\/beyondactiv.com\/events\/es\/speakers\/shaima-saleh-al-husseini\/","title":{"rendered":"Shaima Saleh Al-Husseini"},"content":{"rendered":"<h3 class=\"wp-block-heading\">Shaima Saleh Al-Husseini es Directora General de la Asamblea General del <a href=\"https:\/\/sportsforall.com.sa\/\" target=\"_blank\" rel=\"noopener\">Federaci\u00f3n Saud\u00ed de Deportes para Todos<\/a>. <\/h3>\n\n\n\n<p>Shaima aboga por un estilo de vida saludable inspirando a todos los miembros de la sociedad para que sean f\u00edsicamente activos. Este compromiso refleja su deseo de poner de relieve los esfuerzos del Reino de Arabia Saud\u00ed por empoderar a las ni\u00f1as y las mujeres para que desempe\u00f1en un papel en el desarrollo de una sociedad vibrante y de comunidades sanas y activas.<\/p>\n\n\n\n<p>Shaima es ponente en <a href=\"https:\/\/beyondactiv.com\/events\/es\/emea\/\">M\u00e1s all\u00e1 de Activ EMEA<\/a> en Riad (Arabia Saud\u00ed).<\/p>","protected":false},"excerpt":{"rendered":"<p>DIRECTOR GENERAL<\/p>\n<h5>Federaci\u00f3n Saud\u00ed de Deportes para Todos<\/h5>","protected":false},"featured_media":34209,"template":"","speakers-type":[24],"class_list":["post-33733","all_speakers","type-all_speakers","status-publish","has-post-thumbnail","hentry","speakers-type-2024-emea-speakers"],"blocksy_meta":[],"_links":{"self":[{"href":"https:\/\/beyondactiv.com\/events\/es\/wp-json\/wp\/v2\/all_speakers\/33733","targetHints":{"allow":["GET"]}}],"collection":[{"href":"https:\/\/beyondactiv.com\/events\/es\/wp-json\/wp\/v2\/all_speakers"}],"about":[{"href":"https:\/\/beyondactiv.com\/events\/es\/wp-json\/wp\/v2\/types\/all_speakers"}],"wp:featuredmedia":[{"embeddable":true,"href":"https:\/\/beyondactiv.com\/events\/es\/wp-json\/wp\/v2\/media\/34209"}],"wp:attachment":[{"href":"https:\/\/beyondactiv.com\/events\/es\/wp-json\/wp\/v2\/media?parent=33733"}],"wp:term":[{"taxonomy":"speakers-type","embeddable":true,"href":"https:\/\/beyondactiv.com\/events\/es\/wp-json\/wp\/v2\/speakers-type?post=33733"}],"curies":[{"name":"wp","href":"https:\/\/api.w.org\/{rel}","templated":true}]}}

<h3 class="wp-block-heading">Shaima Saleh Al-Husseini es Directora General de la Asamblea General del <a href="https://sportsforall.com.sa/" target="_blank" rel="noopener">Federación Saudí de Deportes para Todos</a>. </h3>



<p>Shaima aboga por un estilo de vida saludable inspirando a todos los miembros de la sociedad para que sean físicamente activos. Este compromiso refleja su deseo de poner de relieve los esfuerzos del Reino de Arabia Saudí por empoderar a las niñas y las mujeres para que desempeñen un papel en el desarrollo de una sociedad vibrante y de comunidades sanas y activas.</p>



<p>Shaima es ponente en <a href="https://beyondactiv.com/events/es/emea/">Más allá de Activ EMEA</a> en Riad (Arabia Saudí).</p>

<p>DIRECTOR GENERAL</p>
<h5>Federación Saudí de Deportes para Todos</h5>
