{"id":30462,"date":"2023-05-25T17:53:04","date_gmt":"2023-05-25T09:53:04","guid":{"rendered":"https:\/\/thefitsummit.com\/?post_type=all_speakers&#038;p=30462"},"modified":"2025-11-06T16:43:35","modified_gmt":"2025-11-06T08:43:35","slug":"john-paul-rahme","status":"publish","type":"all_speakers","link":"https:\/\/beyondactiv.com\/events\/es\/speakers\/john-paul-rahme\/","title":{"rendered":"John-Paul Rahme"},"content":{"rendered":"<h3 class=\"wp-block-heading\">Con m\u00e1s de 15 a\u00f1os de experiencia en el sector de la salud y el bienestar, John-Paul Rahme es cofundador y Consejero Delegado de <a href=\"https:\/\/xoda.com\/\" data-type=\"link\" data-id=\"https:\/\/xoda.com\/\" target=\"_blank\" rel=\"noopener\">XODA<\/a>. <\/h3>\n\n\n\n<p>Tiene una s\u00f3lida experiencia en ventas, funciones centradas en el cliente y gesti\u00f3n de operaciones integrales en un entorno empresarial din\u00e1mico. Con una mentalidad estrat\u00e9gica, John tiene un historial probado de establecimiento y crecimiento de negocios, impulsando resultados impresionantes a trav\u00e9s de sus conocimientos de ventas y experiencia del cliente. Es experto en revitalizar negocios establecidos dentro de un modelo de franquicia, lo que lleva a transformaciones galardonadas. Adem\u00e1s, John destaca en coaching, consultor\u00eda y aprovechando sus habilidades de liderazgo para lograr resultados impactantes. Actualmente, est\u00e1 centrado en hacer una contribuci\u00f3n significativa al sector sanitario a trav\u00e9s de su producto SaaS cofundado, XODA.<\/p>\n\n\n\n<p>John Paul tambi\u00e9n es ponente en <a href=\"https:\/\/beyondactiv.com\/events\/es\/apac\/\" data-type=\"link\" data-id=\"https:\/\/beyondactiv.com\/events\/apac\/\">M\u00e1s all\u00e1 de Activ APAC<\/a> en Melbourne, Australia.<\/p>","protected":false},"excerpt":{"rendered":"<p>Cofundador y Consejero Delegado<\/p>\n<h5>XODA<\/h5>","protected":false},"featured_media":35246,"template":"","speakers-type":[19,63,71],"class_list":["post-30462","all_speakers","type-all_speakers","status-publish","has-post-thumbnail","hentry","speakers-type-2023-apac-fest","speakers-type-2024-apac","speakers-type-2025-apac-speakers"],"blocksy_meta":[],"_links":{"self":[{"href":"https:\/\/beyondactiv.com\/events\/es\/wp-json\/wp\/v2\/all_speakers\/30462","targetHints":{"allow":["GET"]}}],"collection":[{"href":"https:\/\/beyondactiv.com\/events\/es\/wp-json\/wp\/v2\/all_speakers"}],"about":[{"href":"https:\/\/beyondactiv.com\/events\/es\/wp-json\/wp\/v2\/types\/all_speakers"}],"wp:featuredmedia":[{"embeddable":true,"href":"https:\/\/beyondactiv.com\/events\/es\/wp-json\/wp\/v2\/media\/35246"}],"wp:attachment":[{"href":"https:\/\/beyondactiv.com\/events\/es\/wp-json\/wp\/v2\/media?parent=30462"}],"wp:term":[{"taxonomy":"speakers-type","embeddable":true,"href":"https:\/\/beyondactiv.com\/events\/es\/wp-json\/wp\/v2\/speakers-type?post=30462"}],"curies":[{"name":"wp","href":"https:\/\/api.w.org\/{rel}","templated":true}]}}

<h3 class="wp-block-heading">Con más de 15 años de experiencia en el sector de la salud y el bienestar, John-Paul Rahme es cofundador y Consejero Delegado de <a href="https://xoda.com/" data-type="link" data-id="https://xoda.com/" target="_blank" rel="noopener">XODA</a>. </h3>



<p>Tiene una sólida experiencia en ventas, funciones centradas en el cliente y gestión de operaciones integrales en un entorno empresarial dinámico. Con una mentalidad estratégica, John tiene un historial probado de establecimiento y crecimiento de negocios, impulsando resultados impresionantes a través de sus conocimientos de ventas y experiencia del cliente. Es experto en revitalizar negocios establecidos dentro de un modelo de franquicia, lo que lleva a transformaciones galardonadas. Además, John destaca en coaching, consultoría y aprovechando sus habilidades de liderazgo para lograr resultados impactantes. Actualmente, está centrado en hacer una contribución significativa al sector sanitario a través de su producto SaaS cofundado, XODA.</p>



<p>John Paul también es ponente en <a href="https://beyondactiv.com/events/es/apac/" data-type="link" data-id="https://beyondactiv.com/events/apac/">Más allá de Activ APAC</a> en Melbourne, Australia.</p>
