{"id":29316,"date":"2023-04-30T14:28:03","date_gmt":"2023-04-30T06:28:03","guid":{"rendered":"https:\/\/thefitsummit.com\/?post_type=all_speakers&#038;p=29316"},"modified":"2025-07-24T15:39:04","modified_gmt":"2025-07-24T07:39:04","slug":"gail-asbell","status":"publish","type":"all_speakers","link":"https:\/\/beyondactiv.com\/events\/es\/speakers\/gail-asbell\/","title":{"rendered":"Gail Asbell"},"content":{"rendered":"<h3 class=\"wp-block-heading\">Conozca a Gail Asbell, la din\u00e1mica l\u00edder detr\u00e1s de <a href=\"https:\/\/upstatestudios.com.au\/\" data-type=\"link\" data-id=\"https:\/\/upstatestudios.com.au\/\" target=\"_blank\" rel=\"noopener\">Estudios Upstate<\/a>. Como Co-CEO y Co-fundadora, Gail y su equipo han construido un exitoso grupo de 15 estudios de pilates, yoga y boxeo en Melbourne, Victoria regional, S\u00eddney y Queensland.&nbsp; <\/h3>\n\n\n\n<p>Upstate Studios tiene la misi\u00f3n de ayudar a las personas a crear un estado mental positivo a trav\u00e9s del movimiento, y Gail ha sido una fuerza impulsora detr\u00e1s del \u00e9xito de la marca. Con experiencia en marketing de marca y pasi\u00f3n por las marcas impulsadas por un prop\u00f3sito y la construcci\u00f3n de comunidades. Gail dirige la estrategia de marca, el personal y la cultura, y la estrategia de expansi\u00f3n de propiedades. Su enfoque innovador en marketing de marca y la creaci\u00f3n de experiencias memorables para el cliente han impulsado la expansi\u00f3n de Upstate, incluida la obtenci\u00f3n de una recaudaci\u00f3n de capital en 2022 del Cotton On Group para expandir los estudios Upstate a nivel nacional. Gail compartir\u00e1 su experiencia y conocimientos sobre \u201cConstruir marcas y comunidades para satisfacer las necesidades del consumidor de bienestar\u201d, brindando consejos invaluables sobre la construcci\u00f3n de una marca impulsada por una misi\u00f3n que resuene con los consumidores de hoy. Gail tambi\u00e9n es ponente en <a href=\"https:\/\/beyondactiv.com\/events\/es\/apac\/\">M\u00e1s all\u00e1 de Activ Asia-Pac\u00edfico<\/a> en Melbourne, Australia.<\/p>","protected":false},"excerpt":{"rendered":"<p>Co-Founder &#038; Co-CEO<\/p>\n<h5>Al norte del estado<\/h5>","protected":false},"featured_media":35262,"template":"","speakers-type":[23,71],"class_list":["post-29316","all_speakers","type-all_speakers","status-publish","has-post-thumbnail","hentry","speakers-type-2023-apac-leadership","speakers-type-2025-apac-speakers"],"blocksy_meta":[],"_links":{"self":[{"href":"https:\/\/beyondactiv.com\/events\/es\/wp-json\/wp\/v2\/all_speakers\/29316","targetHints":{"allow":["GET"]}}],"collection":[{"href":"https:\/\/beyondactiv.com\/events\/es\/wp-json\/wp\/v2\/all_speakers"}],"about":[{"href":"https:\/\/beyondactiv.com\/events\/es\/wp-json\/wp\/v2\/types\/all_speakers"}],"wp:featuredmedia":[{"embeddable":true,"href":"https:\/\/beyondactiv.com\/events\/es\/wp-json\/wp\/v2\/media\/35262"}],"wp:attachment":[{"href":"https:\/\/beyondactiv.com\/events\/es\/wp-json\/wp\/v2\/media?parent=29316"}],"wp:term":[{"taxonomy":"speakers-type","embeddable":true,"href":"https:\/\/beyondactiv.com\/events\/es\/wp-json\/wp\/v2\/speakers-type?post=29316"}],"curies":[{"name":"wp","href":"https:\/\/api.w.org\/{rel}","templated":true}]}}

<h3 class="wp-block-heading">Conozca a Gail Asbell, la dinámica líder detrás de <a href="https://upstatestudios.com.au/" data-type="link" data-id="https://upstatestudios.com.au/" target="_blank" rel="noopener">Estudios Upstate</a>. Como Co-CEO y Co-fundadora, Gail y su equipo han construido un exitoso grupo de 15 estudios de pilates, yoga y boxeo en Melbourne, Victoria regional, Sídney y Queensland.&nbsp; </h3>



<p>Upstate Studios tiene la misión de ayudar a las personas a crear un estado mental positivo a través del movimiento, y Gail ha sido una fuerza impulsora detrás del éxito de la marca. Con experiencia en marketing de marca y pasión por las marcas impulsadas por un propósito y la construcción de comunidades. Gail dirige la estrategia de marca, el personal y la cultura, y la estrategia de expansión de propiedades. Su enfoque innovador en marketing de marca y la creación de experiencias memorables para el cliente han impulsado la expansión de Upstate, incluida la obtención de una recaudación de capital en 2022 del Cotton On Group para expandir los estudios Upstate a nivel nacional. Gail compartirá su experiencia y conocimientos sobre “Construir marcas y comunidades para satisfacer las necesidades del consumidor de bienestar”, brindando consejos invaluables sobre la construcción de una marca impulsada por una misión que resuene con los consumidores de hoy. Gail también es ponente en <a href="https://beyondactiv.com/events/es/apac/">Más allá de Activ Asia-Pacífico</a> en Melbourne, Australia.</p>
