{"id":28978,"date":"2023-04-21T12:40:40","date_gmt":"2023-04-21T04:40:40","guid":{"rendered":"https:\/\/thefitsummit.com\/?post_type=all_speakers&#038;p=28978"},"modified":"2026-04-14T16:11:35","modified_gmt":"2026-04-14T08:11:35","slug":"porko-elango","status":"publish","type":"all_speakers","link":"https:\/\/beyondactiv.com\/events\/es\/speakers\/porko-elango\/","title":{"rendered":"Porko Elango"},"content":{"rendered":"<h3 class=\"wp-block-heading\">Porko Elango es Jefe de Fitness en <a href=\"https:\/\/www.cult.fit\/\" data-type=\"link\" data-id=\"https:\/\/www.cult.fit\/\" target=\"_blank\" rel=\"noopener\">Cult.fit<\/a>.<\/h3>\n\n\n\n<p>Porko es ingeniero de formaci\u00f3n y tiene una medalla de oro del Instituto Indio de Tecnolog\u00eda de Madr\u00e1s. Cuenta con experiencias previas en McKinsey, Sequoia Capital, Nike y Rupeek, donde se centr\u00f3 principalmente en la pr\u00e1ctica de consumo (en productos, retail, servicios y tecnolog\u00eda). Actualmente dirige los negocios propios y franquiciados de cult.fit en Curefit y est\u00e1 extremadamente entusiasmado con la oportunidad que tiene por delante de generar un impacto en el ecosistema indio de fitness y deportes. En cuanto a su forma f\u00edsica personal, encuentra alegr\u00eda en las carreras de media distancia y mantiene un programa de entrenamiento muy regular. Porko reside actualmente en Bangalore con su esposa, su hija y su perro.<\/p>\n\n\n\n<p>Porko tambi\u00e9n es ponente en <a href=\"https:\/\/beyondactiv.com\/events\/es\/asia\/\" data-type=\"link\" data-id=\"https:\/\/beyondactiv.com\/events\/asia\/\">M\u00e1s all\u00e1 de Activ Asia<\/a> en Bangkok, Tailandia. <\/p>","protected":false},"excerpt":{"rendered":"<p>Jefe, Fitness<\/p>\n<h5>Cult.fit<\/h5>","protected":false},"featured_media":35266,"template":"","speakers-type":[18,60,65,68],"class_list":["post-28978","all_speakers","type-all_speakers","status-publish","has-post-thumbnail","hentry","speakers-type-2023-world-speakers","speakers-type-world-speakers","speakers-type-2025-world-speakers","speakers-type-2025-world-fitwell"],"blocksy_meta":[],"_links":{"self":[{"href":"https:\/\/beyondactiv.com\/events\/es\/wp-json\/wp\/v2\/all_speakers\/28978","targetHints":{"allow":["GET"]}}],"collection":[{"href":"https:\/\/beyondactiv.com\/events\/es\/wp-json\/wp\/v2\/all_speakers"}],"about":[{"href":"https:\/\/beyondactiv.com\/events\/es\/wp-json\/wp\/v2\/types\/all_speakers"}],"wp:featuredmedia":[{"embeddable":true,"href":"https:\/\/beyondactiv.com\/events\/es\/wp-json\/wp\/v2\/media\/35266"}],"wp:attachment":[{"href":"https:\/\/beyondactiv.com\/events\/es\/wp-json\/wp\/v2\/media?parent=28978"}],"wp:term":[{"taxonomy":"speakers-type","embeddable":true,"href":"https:\/\/beyondactiv.com\/events\/es\/wp-json\/wp\/v2\/speakers-type?post=28978"}],"curies":[{"name":"wp","href":"https:\/\/api.w.org\/{rel}","templated":true}]}}

<h3 class="wp-block-heading">Porko Elango es Jefe de Fitness en <a href="https://www.cult.fit/" data-type="link" data-id="https://www.cult.fit/" target="_blank" rel="noopener">Cult.fit</a>.</h3>



<p>Porko es ingeniero de formación y tiene una medalla de oro del Instituto Indio de Tecnología de Madrás. Cuenta con experiencias previas en McKinsey, Sequoia Capital, Nike y Rupeek, donde se centró principalmente en la práctica de consumo (en productos, retail, servicios y tecnología). Actualmente dirige los negocios propios y franquiciados de cult.fit en Curefit y está extremadamente entusiasmado con la oportunidad que tiene por delante de generar un impacto en el ecosistema indio de fitness y deportes. En cuanto a su forma física personal, encuentra alegría en las carreras de media distancia y mantiene un programa de entrenamiento muy regular. Porko reside actualmente en Bangalore con su esposa, su hija y su perro.</p>



<p>Porko también es ponente en <a href="https://beyondactiv.com/events/es/asia/" data-type="link" data-id="https://beyondactiv.com/events/asia/">Más allá de Activ Asia</a> en Bangkok, Tailandia. </p>
