{"id":27640,"date":"2023-03-07T14:15:57","date_gmt":"2023-03-07T06:15:57","guid":{"rendered":"https:\/\/thefitsummit.com\/?post_type=all_speakers&#038;p=27640"},"modified":"2026-04-07T14:35:14","modified_gmt":"2026-04-07T06:35:14","slug":"zulaiha-zu-zainal","status":"publish","type":"all_speakers","link":"https:\/\/beyondactiv.com\/events\/es\/speakers\/zulaiha-zu-zainal\/","title":{"rendered":"Zulaiha (Zu) Zainal"},"content":{"rendered":"<p>Como introvertida que aprecia las relaciones humanas, Zu se diplom\u00f3 en Psicolog\u00eda, lo que le permiti\u00f3 comprender mejor, servir y crear sinergias con quienes la rodeaban. Su red social y sus roces con la salud mental a lo largo de los a\u00f1os catalizaron su viaje para esforzarse continuamente por mejorar su bienestar f\u00edsico y mental de nuevas formas. Est\u00e1 encantada de unirse al mundo de la salud, el fitness y el bienestar, donde se enfrenta al reto de mantenerse al d\u00eda con esta industria en constante crecimiento y est\u00e1 alineada con sus objetivos personales y de fitness. En su tiempo libre, disfruta sumergi\u00e9ndose en alucinantes series de televisi\u00f3n, filosof\u00eda y nuevas experiencias. En la Cumbre FIT, Zu conecta y tiende puentes con empresas y personas de la comunidad de la salud, el fitness y el bienestar, ampliando las oportunidades para potenciar su crecimiento.<\/p>\n\n\n\n<p><\/p>","protected":false},"excerpt":{"rendered":"<p>Director de Desarrollo Industrial<\/p>\n<h5>M\u00e1s all\u00e1 de Activ<\/h5>","protected":false},"featured_media":71598,"template":"","speakers-type":[58,50,16],"class_list":["post-27640","all_speakers","type-all_speakers","status-publish","has-post-thumbnail","hentry","speakers-type-americas-poc","speakers-type-apac-point-of-contact","speakers-type-team-members"],"blocksy_meta":[],"_links":{"self":[{"href":"https:\/\/beyondactiv.com\/events\/es\/wp-json\/wp\/v2\/all_speakers\/27640","targetHints":{"allow":["GET"]}}],"collection":[{"href":"https:\/\/beyondactiv.com\/events\/es\/wp-json\/wp\/v2\/all_speakers"}],"about":[{"href":"https:\/\/beyondactiv.com\/events\/es\/wp-json\/wp\/v2\/types\/all_speakers"}],"wp:featuredmedia":[{"embeddable":true,"href":"https:\/\/beyondactiv.com\/events\/es\/wp-json\/wp\/v2\/media\/71598"}],"wp:attachment":[{"href":"https:\/\/beyondactiv.com\/events\/es\/wp-json\/wp\/v2\/media?parent=27640"}],"wp:term":[{"taxonomy":"speakers-type","embeddable":true,"href":"https:\/\/beyondactiv.com\/events\/es\/wp-json\/wp\/v2\/speakers-type?post=27640"}],"curies":[{"name":"wp","href":"https:\/\/api.w.org\/{rel}","templated":true}]}}

<p>Como introvertida que aprecia las relaciones humanas, Zu se diplomó en Psicología, lo que le permitió comprender mejor, servir y crear sinergias con quienes la rodeaban. Su red social y sus roces con la salud mental a lo largo de los años catalizaron su viaje para esforzarse continuamente por mejorar su bienestar físico y mental de nuevas formas. Está encantada de unirse al mundo de la salud, el fitness y el bienestar, donde se enfrenta al reto de mantenerse al día con esta industria en constante crecimiento y está alineada con sus objetivos personales y de fitness. En su tiempo libre, disfruta sumergiéndose en alucinantes series de televisión, filosofía y nuevas experiencias. En la Cumbre FIT, Zu conecta y tiende puentes con empresas y personas de la comunidad de la salud, el fitness y el bienestar, ampliando las oportunidades para potenciar su crecimiento.</p>



<p></p>

<p>Director de Desarrollo Industrial</p>
<h5>Más allá de Activ</h5>
