{"id":27632,"date":"2023-03-07T14:00:31","date_gmt":"2023-03-07T06:00:31","guid":{"rendered":"https:\/\/thefitsummit.com\/?post_type=all_speakers&#038;p=27632"},"modified":"2023-09-27T10:11:52","modified_gmt":"2023-09-27T02:11:52","slug":"esther-leong","status":"publish","type":"all_speakers","link":"https:\/\/beyondactiv.com\/events\/es\/speakers\/esther-leong\/","title":{"rendered":"Esther Leong"},"content":{"rendered":"<p>Emprendedora de coraz\u00f3n, Esther dirigi\u00f3 con \u00e9xito una empresa de venta de ropa por Internet al tiempo que estudiaba Marketing Empresarial. Como dise\u00f1adora y comercializadora apasionada por las nuevas ideas y los dise\u00f1os, busc\u00f3 puestos de marketing en diversas industrias, como el sector art\u00edstico y las marcas de gran consumo, para ampliar sus competencias. <br><br>Tras unirse a la Cumbre FIT, est\u00e1 fascinada por la creciente y floreciente industria de la salud, el fitness y el bienestar, y est\u00e1 deseosa de ampliar sus conocimientos en este campo, as\u00ed como de desarrollar y descubrir formas innovadoras de construir y alimentar las relaciones dentro de la comunidad online de expertos en fitness, salud y bienestar.<\/p>\n\n\n\n<p>Adem\u00e1s, Esther satisface varias pasiones e intereses, como la interpretaci\u00f3n, el modelaje comercial y la locuci\u00f3n para marcas locales.<br>Entre sus aficiones favoritas est\u00e1n los paseos por la naturaleza, viajar, los entrenamientos HIIT, pilates, tocar el piano y pasar tiempo con sus dos gatos al aire libre.  <\/p>","protected":false},"excerpt":{"rendered":"<p>Content &#038; Community Manager<\/p>\n<h5>Cumbre FIT<\/h5>","protected":false},"featured_media":62661,"template":"","speakers-type":[58,50,16],"class_list":["post-27632","all_speakers","type-all_speakers","status-publish","has-post-thumbnail","hentry","speakers-type-americas-poc","speakers-type-apac-point-of-contact","speakers-type-team-members"],"blocksy_meta":[],"_links":{"self":[{"href":"https:\/\/beyondactiv.com\/events\/es\/wp-json\/wp\/v2\/all_speakers\/27632","targetHints":{"allow":["GET"]}}],"collection":[{"href":"https:\/\/beyondactiv.com\/events\/es\/wp-json\/wp\/v2\/all_speakers"}],"about":[{"href":"https:\/\/beyondactiv.com\/events\/es\/wp-json\/wp\/v2\/types\/all_speakers"}],"wp:featuredmedia":[{"embeddable":true,"href":"https:\/\/beyondactiv.com\/events\/es\/wp-json\/wp\/v2\/media\/62661"}],"wp:attachment":[{"href":"https:\/\/beyondactiv.com\/events\/es\/wp-json\/wp\/v2\/media?parent=27632"}],"wp:term":[{"taxonomy":"speakers-type","embeddable":true,"href":"https:\/\/beyondactiv.com\/events\/es\/wp-json\/wp\/v2\/speakers-type?post=27632"}],"curies":[{"name":"wp","href":"https:\/\/api.w.org\/{rel}","templated":true}]}}

<p>Emprendedora de corazón, Esther dirigió con éxito una empresa de venta de ropa por Internet al tiempo que estudiaba Marketing Empresarial. Como diseñadora y comercializadora apasionada por las nuevas ideas y los diseños, buscó puestos de marketing en diversas industrias, como el sector artístico y las marcas de gran consumo, para ampliar sus competencias. <br><br>Tras unirse a la Cumbre FIT, está fascinada por la creciente y floreciente industria de la salud, el fitness y el bienestar, y está deseosa de ampliar sus conocimientos en este campo, así como de desarrollar y descubrir formas innovadoras de construir y alimentar las relaciones dentro de la comunidad online de expertos en fitness, salud y bienestar.</p>



<p>Además, Esther satisface varias pasiones e intereses, como la interpretación, el modelaje comercial y la locución para marcas locales.<br>Entre sus aficiones favoritas están los paseos por la naturaleza, viajar, los entrenamientos HIIT, pilates, tocar el piano y pasar tiempo con sus dos gatos al aire libre.  </p>
