{"id":23510,"date":"2022-12-15T09:14:27","date_gmt":"2022-12-15T01:14:27","guid":{"rendered":"https:\/\/thefitsummit.com\/?post_type=all_speakers&#038;p=23510"},"modified":"2026-01-23T11:19:31","modified_gmt":"2026-01-23T03:19:31","slug":"kevin-teixeira","status":"publish","type":"all_speakers","link":"https:\/\/beyondactiv.com\/events\/es\/speakers\/kevin-teixeira\/","title":{"rendered":"Kevin Teixeira"},"content":{"rendered":"<p>Kevin Teixeira cuenta con m\u00e1s de 20 a\u00f1os de experiencia en el sector de la salud y el fitness, desde el Reino Unido hasta Oriente Medio. Tras licenciarse en la Universidad de Lancaster, pas\u00f3 de un puesto de base a otro de Director General, lo que le permiti\u00f3 adquirir experiencia en todos los aspectos de la cadena profesional. Su pasi\u00f3n por el fitness le ha llevado por un camino de crecimiento y desarrollo continuos dentro del sector. Como uno de los cofundadores de <a href=\"https:\/\/whgym.com\/\" data-type=\"link\" data-id=\"https:\/\/whgym.com\/\" target=\"_blank\" rel=\"noopener\">El gimnasio del almac\u00e9n<\/a>, Ha sido responsable de transformar uno de los gimnasios m\u00e1s conocidos de Dubai en la marca de cadena de gimnasios m\u00e1s influyente y de m\u00e1s r\u00e1pido crecimiento de los EAU, con 11 locales y creciendo. Al redefinir la experiencia del gimnasio, cre\u00f3 una experiencia de fitness innovadora dentro del sector, como un concepto dentro de un concepto, programas exclusivos, una propuesta de valor inigualable y ofertas de redes multiclub.<\/p>\n\n\n\n<p>Kevin es ponente en <a href=\"https:\/\/beyondactiv.com\/events\/es\/world\/\" data-type=\"link\" data-id=\"https:\/\/beyondactiv.com\/events\/world\/\">M\u00e1s all\u00e1 de Activ World<\/a> en Riad (Arabia Saud\u00ed). <\/p>","protected":false},"excerpt":{"rendered":"<p>Director General<\/p>\n<h5>El gimnasio del almac\u00e9n<\/h5>","protected":false},"featured_media":68931,"template":"","speakers-type":[17,79],"class_list":["post-23510","all_speakers","type-all_speakers","status-publish","has-post-thumbnail","hentry","speakers-type-2023-world-speakers-2","speakers-type-2026-world-speaker"],"blocksy_meta":{"styles_descriptor":{"styles":{"desktop":"","tablet":"","mobile":""},"google_fonts":[],"version":6}},"_links":{"self":[{"href":"https:\/\/beyondactiv.com\/events\/es\/wp-json\/wp\/v2\/all_speakers\/23510","targetHints":{"allow":["GET"]}}],"collection":[{"href":"https:\/\/beyondactiv.com\/events\/es\/wp-json\/wp\/v2\/all_speakers"}],"about":[{"href":"https:\/\/beyondactiv.com\/events\/es\/wp-json\/wp\/v2\/types\/all_speakers"}],"wp:featuredmedia":[{"embeddable":true,"href":"https:\/\/beyondactiv.com\/events\/es\/wp-json\/wp\/v2\/media\/68931"}],"wp:attachment":[{"href":"https:\/\/beyondactiv.com\/events\/es\/wp-json\/wp\/v2\/media?parent=23510"}],"wp:term":[{"taxonomy":"speakers-type","embeddable":true,"href":"https:\/\/beyondactiv.com\/events\/es\/wp-json\/wp\/v2\/speakers-type?post=23510"}],"curies":[{"name":"wp","href":"https:\/\/api.w.org\/{rel}","templated":true}]}}

<p>Kevin Teixeira cuenta con más de 20 años de experiencia en el sector de la salud y el fitness, desde el Reino Unido hasta Oriente Medio. Tras licenciarse en la Universidad de Lancaster, pasó de un puesto de base a otro de Director General, lo que le permitió adquirir experiencia en todos los aspectos de la cadena profesional. Su pasión por el fitness le ha llevado por un camino de crecimiento y desarrollo continuos dentro del sector. Como uno de los cofundadores de <a href="https://whgym.com/" data-type="link" data-id="https://whgym.com/" target="_blank" rel="noopener">El gimnasio del almacén</a>, Ha sido responsable de transformar uno de los gimnasios más conocidos de Dubai en la marca de cadena de gimnasios más influyente y de más rápido crecimiento de los EAU, con 11 locales y creciendo. Al redefinir la experiencia del gimnasio, creó una experiencia de fitness innovadora dentro del sector, como un concepto dentro de un concepto, programas exclusivos, una propuesta de valor inigualable y ofertas de redes multiclub.</p>



<p>Kevin es ponente en <a href="https://beyondactiv.com/events/es/world/" data-type="link" data-id="https://beyondactiv.com/events/world/">Más allá de Activ World</a> en Riad (Arabia Saudí). </p>

<p>Director General</p>
<h5>El gimnasio del almacén</h5>
