{"id":20894,"date":"2022-10-20T16:13:29","date_gmt":"2022-10-20T08:13:29","guid":{"rendered":"https:\/\/thefitsummit.com\/?post_type=all_speakers&amp;p=20894"},"modified":"2022-10-20T16:13:29","modified_gmt":"2022-10-20T08:13:29","slug":"dan-smith","status":"publish","type":"all_speakers","link":"https:\/\/beyondactiv.com\/events\/es\/speakers\/dan-smith\/","title":{"rendered":"Dan Smith"},"content":{"rendered":"<p>Daniel (Dan) Smith ha sido nombrado Director General de M\u00f6venpick BDMS Wellness Resort Bangkok, con efecto a partir del 1 de septiembre de 2022. En este nuevo cargo, con sus m\u00e1s de 20 a\u00f1os de experiencia en hosteler\u00eda, su pasi\u00f3n por la excelencia y su entusiasmo por la hosteler\u00eda de lujo, Dan dirigir\u00e1 al prestigioso equipo del complejo hacia el \u00e9xito futuro. Nacido en Nueva Zelanda, Dan ampli\u00f3 su trayectoria profesional y desarroll\u00f3 una s\u00f3lida experiencia en alimentaci\u00f3n y bebidas en diferentes pa\u00edses, desde Europa hasta Asia. En 2009 fue destinado a las Maldivas y se traslad\u00f3 a Asia en 2011, donde se incorpor\u00f3 a Minor Hotels como Director de Alimentaci\u00f3n y Bebidas para Anantara Resort and Spa Sanya, China. Tras una misi\u00f3n de grupo de trabajo de seis meses en Vietnam para el cambio de marca de Anantara Hoi An y Avani Quy Nhon, Dan fue nombrado subdirector ejecutivo de Anantara Hua Hin, Tailandia. Se uni\u00f3 a Accor en 2016 como Director Residente de Novotel Yangon Max en Myanmar y nombrado Director General de Premier Village Phu Quoc Resort, los tres prestigiosos premios internacionales en 2018. Adem\u00e1s de viajar mucho, a Dan le encanta la arquitectura, cocinar, correr y disfrutar de un estilo de vida saludable.<\/p>","protected":false},"excerpt":{"rendered":"<p>Director General<\/p>\n<h5>Movenpick BDMS Wellness Resort Bangkok<\/h5>","protected":false},"featured_media":35326,"template":"","speakers-type":[5],"class_list":["post-20894","all_speakers","type-all_speakers","status-publish","has-post-thumbnail","hentry","speakers-type-2022-apac-speakers"],"blocksy_meta":{"styles_descriptor":{"styles":{"desktop":"","tablet":"","mobile":""},"google_fonts":[],"version":6}},"_links":{"self":[{"href":"https:\/\/beyondactiv.com\/events\/es\/wp-json\/wp\/v2\/all_speakers\/20894","targetHints":{"allow":["GET"]}}],"collection":[{"href":"https:\/\/beyondactiv.com\/events\/es\/wp-json\/wp\/v2\/all_speakers"}],"about":[{"href":"https:\/\/beyondactiv.com\/events\/es\/wp-json\/wp\/v2\/types\/all_speakers"}],"wp:featuredmedia":[{"embeddable":true,"href":"https:\/\/beyondactiv.com\/events\/es\/wp-json\/wp\/v2\/media\/35326"}],"wp:attachment":[{"href":"https:\/\/beyondactiv.com\/events\/es\/wp-json\/wp\/v2\/media?parent=20894"}],"wp:term":[{"taxonomy":"speakers-type","embeddable":true,"href":"https:\/\/beyondactiv.com\/events\/es\/wp-json\/wp\/v2\/speakers-type?post=20894"}],"curies":[{"name":"wp","href":"https:\/\/api.w.org\/{rel}","templated":true}]}}

<p>Daniel (Dan) Smith ha sido nombrado Director General de Mövenpick BDMS Wellness Resort Bangkok, con efecto a partir del 1 de septiembre de 2022. En este nuevo cargo, con sus más de 20 años de experiencia en hostelería, su pasión por la excelencia y su entusiasmo por la hostelería de lujo, Dan dirigirá al prestigioso equipo del complejo hacia el éxito futuro. Nacido en Nueva Zelanda, Dan amplió su trayectoria profesional y desarrolló una sólida experiencia en alimentación y bebidas en diferentes países, desde Europa hasta Asia. En 2009 fue destinado a las Maldivas y se trasladó a Asia en 2011, donde se incorporó a Minor Hotels como Director de Alimentación y Bebidas para Anantara Resort and Spa Sanya, China. Tras una misión de grupo de trabajo de seis meses en Vietnam para el cambio de marca de Anantara Hoi An y Avani Quy Nhon, Dan fue nombrado subdirector ejecutivo de Anantara Hua Hin, Tailandia. Se unió a Accor en 2016 como Director Residente de Novotel Yangon Max en Myanmar y nombrado Director General de Premier Village Phu Quoc Resort, los tres prestigiosos premios internacionales en 2018. Además de viajar mucho, a Dan le encanta la arquitectura, cocinar, correr y disfrutar de un estilo de vida saludable.</p>
