{"id":14914,"date":"2022-04-13T10:25:49","date_gmt":"2022-04-13T02:25:49","guid":{"rendered":"https:\/\/thefitsummit.com\/?post_type=all_speakers&amp;p=14914"},"modified":"2022-04-13T10:25:49","modified_gmt":"2022-04-13T02:25:49","slug":"lp-john-paramai","status":"publish","type":"all_speakers","link":"https:\/\/beyondactiv.com\/events\/es\/speakers\/lp-john-paramai\/","title":{"rendered":"LP John Paramai"},"content":{"rendered":"<p>LP John, tambi\u00e9n conocido como Monk John, que fue pianista, fot\u00f3grafo y programador inform\u00e1tico, se ha convertido en monje budista Theravada durante 12 a\u00f1os tras finalizar su doctorado en Telem\u00e1tica. Gracias a sus conocimientos tecnol\u00f3gicos, ha sido pionero en el desarrollo de la mayor plataforma gratuita de autodesarrollo y meditaci\u00f3n en l\u00ednea, que cuenta con usuarios de m\u00e1s de 200 pa\u00edses y territorios. Viaja por todo el mundo y ofrece sus conocimientos sobre mindfulness, meditaci\u00f3n y filosof\u00eda budista para desintoxicar, equilibrar y enriquecer la vida del mundo moderno a particulares, ONG, organismos gubernamentales, universidades y empresas (como Google, Orange, Ogilvy, Teamwork, etc.) en 65 pa\u00edses.<\/p>","protected":false},"excerpt":{"rendered":"<p>Monje principal<\/p>\n<h5>iRetreat Wellness<\/h5>","protected":false},"featured_media":35381,"template":"","speakers-type":[5],"class_list":["post-14914","all_speakers","type-all_speakers","status-publish","has-post-thumbnail","hentry","speakers-type-2022-apac-speakers"],"blocksy_meta":{"styles_descriptor":{"styles":{"desktop":"","tablet":"","mobile":""},"google_fonts":[],"version":6}},"_links":{"self":[{"href":"https:\/\/beyondactiv.com\/events\/es\/wp-json\/wp\/v2\/all_speakers\/14914","targetHints":{"allow":["GET"]}}],"collection":[{"href":"https:\/\/beyondactiv.com\/events\/es\/wp-json\/wp\/v2\/all_speakers"}],"about":[{"href":"https:\/\/beyondactiv.com\/events\/es\/wp-json\/wp\/v2\/types\/all_speakers"}],"wp:featuredmedia":[{"embeddable":true,"href":"https:\/\/beyondactiv.com\/events\/es\/wp-json\/wp\/v2\/media\/35381"}],"wp:attachment":[{"href":"https:\/\/beyondactiv.com\/events\/es\/wp-json\/wp\/v2\/media?parent=14914"}],"wp:term":[{"taxonomy":"speakers-type","embeddable":true,"href":"https:\/\/beyondactiv.com\/events\/es\/wp-json\/wp\/v2\/speakers-type?post=14914"}],"curies":[{"name":"wp","href":"https:\/\/api.w.org\/{rel}","templated":true}]}}

<p>LP John, también conocido como Monk John, que fue pianista, fotógrafo y programador informático, se ha convertido en monje budista Theravada durante 12 años tras finalizar su doctorado en Telemática. Gracias a sus conocimientos tecnológicos, ha sido pionero en el desarrollo de la mayor plataforma gratuita de autodesarrollo y meditación en línea, que cuenta con usuarios de más de 200 países y territorios. Viaja por todo el mundo y ofrece sus conocimientos sobre mindfulness, meditación y filosofía budista para desintoxicar, equilibrar y enriquecer la vida del mundo moderno a particulares, ONG, organismos gubernamentales, universidades y empresas (como Google, Orange, Ogilvy, Teamwork, etc.) en 65 países.</p>
