{"id":1184,"date":"2021-08-02T16:38:47","date_gmt":"2021-08-02T08:38:47","guid":{"rendered":"https:\/\/hvqvvs8n.dreamwp.com\/?post_type=all_speakers&amp;p=1184"},"modified":"2021-08-02T16:38:47","modified_gmt":"2021-08-02T08:38:47","slug":"anthony-kelly","status":"publish","type":"all_speakers","link":"https:\/\/beyondactiv.com\/events\/es\/speakers\/anthony-kelly\/","title":{"rendered":"Anthony Kelly"},"content":{"rendered":"<p>Anthony es cofundador y director de atenci\u00f3n al cliente de Glofox. Fundada en 2014, Glofox cuenta actualmente con miles de clientes en m\u00e1s de 30 mercados mundiales. Anthony tambi\u00e9n es abogado cualificado y trabaj\u00f3 durante muchos a\u00f1os en un gran bufete internacional. Experto en atenci\u00f3n al cliente y experiencia del cliente, Anthony gestiona todas las cuentas clave de Glofox y construy\u00f3 la organizaci\u00f3n de clientes desde cero. Anthony es tambi\u00e9n uno de los fundadores del mayor festival de fitness y bienestar de Europa, WellFest. WellFest se celebra anualmente en Dubl\u00edn (Irlanda) y atrae a m\u00e1s de 10.000 visitantes al a\u00f1o.<\/p>","protected":false},"excerpt":{"rendered":"<p>Cofundador y CCO<\/p>\n<h5>ABC Glofox<\/h5>","protected":false},"featured_media":35647,"template":"","speakers-type":[5,18,12,7],"class_list":["post-1184","all_speakers","type-all_speakers","status-publish","has-post-thumbnail","hentry","speakers-type-2022-apac-speakers","speakers-type-2023-world-speakers","speakers-type-awards-judges","speakers-type-leadership-partner"],"blocksy_meta":{"styles_descriptor":{"styles":{"desktop":"","tablet":"","mobile":""},"google_fonts":[],"version":6}},"_links":{"self":[{"href":"https:\/\/beyondactiv.com\/events\/es\/wp-json\/wp\/v2\/all_speakers\/1184","targetHints":{"allow":["GET"]}}],"collection":[{"href":"https:\/\/beyondactiv.com\/events\/es\/wp-json\/wp\/v2\/all_speakers"}],"about":[{"href":"https:\/\/beyondactiv.com\/events\/es\/wp-json\/wp\/v2\/types\/all_speakers"}],"wp:featuredmedia":[{"embeddable":true,"href":"https:\/\/beyondactiv.com\/events\/es\/wp-json\/wp\/v2\/media\/35647"}],"wp:attachment":[{"href":"https:\/\/beyondactiv.com\/events\/es\/wp-json\/wp\/v2\/media?parent=1184"}],"wp:term":[{"taxonomy":"speakers-type","embeddable":true,"href":"https:\/\/beyondactiv.com\/events\/es\/wp-json\/wp\/v2\/speakers-type?post=1184"}],"curies":[{"name":"wp","href":"https:\/\/api.w.org\/{rel}","templated":true}]}}

<p>Anthony es cofundador y director de atención al cliente de Glofox. Fundada en 2014, Glofox cuenta actualmente con miles de clientes en más de 30 mercados mundiales. Anthony también es abogado cualificado y trabajó durante muchos años en un gran bufete internacional. Experto en atención al cliente y experiencia del cliente, Anthony gestiona todas las cuentas clave de Glofox y construyó la organización de clientes desde cero. Anthony es también uno de los fundadores del mayor festival de fitness y bienestar de Europa, WellFest. WellFest se celebra anualmente en Dublín (Irlanda) y atrae a más de 10.000 visitantes al año.</p>
